--
-- Host: localhost    Database: admin2_docs
-- ------------------------------------------------------


--
-- Table structure for table `app_category`
--

CREATE TABLE `app_category` (
  `type` varchar(20) NOT NULL,
  `category_id` varchar(10) NOT NULL DEFAULT '0',
  `topic` varchar(150) NOT NULL,
  PRIMARY KEY (`type`,`category_id`)
) ENGINE=MyISAM DEFAULT CHARSET=utf8mb3 COLLATE=utf8mb3_unicode_ci;

--
-- Dumping data for table `app_category`
--

INSERT INTO `app_category` VALUES
('category_id','3','เครื่องบันทึกภาพ'),
('category_id','2','หน่วยความจำ'),
('category_id','1','กล้องวงจรปิด'),
('category_id','4','อุปกรณ์คอมพิวเตอร์'),
('category_id','5','อุปกรณ์เน็ตเวิร์ค'),
('category_id','6','บริการ');

--
-- Table structure for table `app_customer`
--

CREATE TABLE `app_customer` (
  `id` int(11) NOT NULL AUTO_INCREMENT,
  `company` varchar(64) DEFAULT NULL,
  `branch` varchar(50) DEFAULT NULL,
  `name` varchar(50) NOT NULL,
  `idcard` varchar(13) DEFAULT NULL,
  `tax_id` varchar(13) DEFAULT NULL,
  `phone` varchar(20) DEFAULT NULL,
  `fax` varchar(20) DEFAULT NULL,
  `email` varchar(255) DEFAULT NULL,
  `address` varchar(64) DEFAULT NULL,
  `provinceID` smallint(3) unsigned NOT NULL,
  `province` varchar(64) DEFAULT NULL,
  `zipcode` varchar(5) DEFAULT NULL,
  `country` varchar(2) DEFAULT NULL,
  `website` varchar(150) DEFAULT NULL,
  `bank` varchar(100) DEFAULT NULL,
  `bank_name` varchar(100) DEFAULT NULL,
  `bank_no` varchar(20) DEFAULT NULL,
  `discount` double NOT NULL,
  PRIMARY KEY (`id`)
) ENGINE=MyISAM AUTO_INCREMENT=9 DEFAULT CHARSET=utf8mb3 COLLATE=utf8mb3_unicode_ci;

--
-- Dumping data for table `app_customer`
--

INSERT INTO `app_customer` VALUES
(3,'บริษัท ซีบี ออร์กาไนเซอร์ จำกัด','','คุณก้อยจัดซื้อ',NULL,'0105550014342','0652052388','0253352768','','43/30 ซอยวิภาวดีรังสิต 41 แขวงสนามบิน เขตดอนเมือง',10,'กรุงเทพมหานคร','10210','TH','',NULL,NULL,NULL,0),
(4,'บริษัท ไทย เจอี เทคโนโลยี จำกัด','','คุณยุ้ย',NULL,'0215562002327','0972939226','0389139324','supaporn2535w@gmail.com','500/165 หมู้ที่3 ตำบลตาสิทธื์ อำเภอปลวกแดง',21,'ระยอง','21140','TH','',NULL,NULL,NULL,0),
(5,'บริษัท แทนรัฐไลเซ่น สาย4 จำกัด','','',NULL,'0735560002121','0991862999','','','45/1 ม.8 ต.กระทุ่มล้มถนนพุทธมณฑลสาย4 อ.สามพราน',73,'นครปฐม','73220','TH','',NULL,NULL,NULL,0),
(6,'โรงเรียนสอนขับรถพงษ์เพชร ไดร์ฟวิ่ง','ประชาชื่น ซอย 4','คุณนิรมล ภูขาว',NULL,'','025897589','','','-',0,'','','TH','www.pongpetrdriving.com',NULL,NULL,NULL,0),
(7,'บริษัท โคบายาชิ คอร์ปอเรชั่น (ไทยแลนด์) จำกัด สำนักงานใหญ่','สำนักงานใหญ่','ภิพัฒน์ เติมสุทา',NULL,'0145549001127','0357295578','','','เลขที่ 195 ม.1 ต.บ้านเลน อ.บางปะอิน',14,'พระนครศรีอยุธยา','13160','TH','',NULL,NULL,NULL,0),
(8,'คณะศึกษาศาสตร์ มหาวิทยาลัยเกษตรศาสตร์','','',NULL,'0994000159382','029428273','','','50 ถนนงามวงศ์วาน แขวงลาดยาว เขตจตุจักร',10,'กรุงเทพมหานคร','10900','TH','',NULL,NULL,NULL,0);

--
-- Table structure for table `app_inventory`
--

CREATE TABLE `app_inventory` (
  `id` int(11) NOT NULL AUTO_INCREMENT,
  `category_id` varchar(10) DEFAULT '0',
  `topic` varchar(150) DEFAULT NULL,
  `cost` float DEFAULT 0,
  `vat` float DEFAULT 0,
  `stock` float DEFAULT 0,
  `count_stock` tinyint(1) DEFAULT 1,
  `inuse` tinyint(1) NOT NULL DEFAULT 1,
  `create_date` date DEFAULT NULL,
  `unit` varchar(50) DEFAULT NULL,
  PRIMARY KEY (`id`),
  KEY `category_id` (`category_id`),
  KEY `count_stock` (`count_stock`)
) ENGINE=MyISAM AUTO_INCREMENT=46 DEFAULT CHARSET=utf8mb3 COLLATE=utf8mb3_unicode_ci;

--
-- Dumping data for table `app_inventory`
--

INSERT INTO `app_inventory` VALUES
(4,'1','กล้องวงจรปิดไม่ใช้เน็ต ดูภาพสดบันทึกภาพได้ รุ่น V380 1.3 ล้านHD960p + ฟรีอะแดปเตอร์',300,0,NULL,2,1,'2022-01-04','0'),
(5,'1','กล้องโซล่าเซลล์ไร้สายของจริง!!ไม่มีเน็ตก็ใช้ได้⚡️2ล้านพิกเซลล์ FHD1080p + ฟรี SDCard16GB',1000,0,1,1,1,'2022-01-04',NULL),
(6,'1','กล้องวงจรปิด V380 มินิ รุ่น จิ๋วแต่แจ๋ว ไม่มีเน็ตก็ใช้งานได้ 2 ล้านพิกเซลล์ 1080FHD + ฟรีอะแดปเตอร์',250,0,1,1,1,'2022-01-04',NULL),
(7,'1','ชุดกล้องวงจรปิด 4,8 ตัว FHD1080p 2 ล้าน พร้อม กล่องบันทึกภาพ NVR รองรับสูงสุด 16 ตัว + ฟรีอแดปเตอร์/ขากล้อง/สายแลนครบชุด',0,0,0,0,1,'2022-01-04',NULL),
(8,'1','กล้องวงจรปิดรุ่น V380 ติดตั้งภายนอก กันน้ำกันฝน',NULL,0,NULL,1,1,'2022-01-04','0'),
(9,'6','ค่าส่งสินค้า',0,0,0,0,1,'2022-01-04','0'),
(10,'1','กล้องวงจรปิดรุ่นอื่นๆ3',0,0,0,0,1,'2022-01-04',NULL),
(11,'1','กล้องวงจรปิด IPCamera XMeye ความละเอียด 2 ล้านพิกเซล FullHD 1080P',470,0,0,1,1,'2022-01-04','0'),
(12,'1','กล้องวงจรปิด IPCamera XMeye ความละเอียด 5 ล้านพิกเซล UltraHD 2.7K',520,0,0,1,1,'2022-01-04','0'),
(13,'2','Sandisk Micro SD Card 16GB Class 10',99,0,3,1,1,'2022-01-04',NULL),
(14,'2','Sandisk Micro SD Card 32GB Class 10',130,0,4,1,1,'2022-01-04',NULL),
(15,'2','Sandisk Micro SD Card 64GB Class 10',200,0,4,1,1,'2022-01-04',NULL),
(16,'2','Hdd 1 Tb Wd Blue (wd20ezaz)',0,0,0,0,1,'2022-01-04',NULL),
(17,'2','Hdd 2 Tb Wd Blue (wd20ezaz)',0,0,0,0,1,'2022-01-04',NULL),
(18,'2','Hdd 4 Tb Wd Blue (wd20ezaz)',0,0,0,0,1,'2022-01-04',NULL),
(19,'2','Hdd 2 Tb Wd Purple (wd20purz)',0,0,0,0,1,'2022-01-04',NULL),
(20,'2','Hdd 4 Tb Wd Purple (wd40purz)',NULL,0,NULL,1,1,'2022-01-04','0'),
(21,'2','Hdd 6 Tb Wd Purple (wd60purz)',NULL,0,NULL,1,1,'2022-01-04','0'),
(24,'3','เครื่องบันทึกภาพกล้องวงจรปิด IP Camera NVR 8 ช่อง',590,0,1,1,1,'2022-07-22',NULL),
(41,'4','คอมพิวเตอร์ Dell OptiPlex 7020 SFF CPU i3-4160 Ram 4GB SSD 120GB',1000,0,2,0,1,'2022-11-10','0'),
(22,'2','Hdd 8 Tb Wd Purple (wd80purz)',0,0,0,0,1,'2022-07-22',NULL),
(23,'2','Hdd 12 Tb Wd Purple (wd121purz)',12000,0,0,1,1,'2022-07-22','0'),
(25,'3','เครื่องบันทึกภาพกล้องวงจรปิด IP Camera NVR 16 ช่อง',900,0,1,1,1,'2022-07-22',NULL),
(26,'3','เครื่องบันทึกภาพกล้องวงจรปิด IP Camera NVR 32 ช่อง',2000,0,NULL,1,1,'2022-07-22',NULL),
(27,'3','เครื่องบันทึกภาพกล้องวงจรปิด IP Camera NVR 64ช่อง',6000,0,1,1,1,'2022-07-22',NULL),
(28,'5','Switching Hub 5 Port',300,0,1,1,1,'2022-07-22',NULL),
(29,'5','Switching Hub 8 Port',700,0,NULL,1,1,'2022-07-22',NULL),
(30,'5','Switching Hub 16 Port',1200,0,1,1,1,'2022-07-22',NULL),
(31,'5','Switching Hub 48 Port',3000,0,1,1,1,'2022-07-22',NULL),
(32,'5','สายแลน Cat 5e',2,0,NULL,1,1,'2022-07-22',NULL),
(33,'5','สายแลน Cat 6',3,0,100,1,1,'2022-07-22',NULL),
(34,'5','สายแลน Cat 7',8,0,1,1,1,'2022-07-22',NULL),
(35,'5','สายแลน Cat 8',15,0,1,1,1,'2022-07-22',NULL),
(36,'5','หัวแลน',1,0,1,1,1,'2022-07-22',NULL),
(37,'5','อุปกรณ์เข้าหัวสาย',300,0,NULL,1,1,'2022-07-22',NULL),
(38,'5','ตู้ Network Rack',900,0,NULL,1,1,'2022-07-22',NULL),
(39,'4','เครื่องสำรองไฟ',1500,0,NULL,1,1,'2022-07-22',NULL),
(40,'1','Switching จ่ายไฟเลี้ยงกล้อง',300,0,NULL,1,1,'2022-07-22',NULL),
(42,'4','จอคอมพิวเตอร์ขนาด 21.5 นิ้ว',2000,0,2,0,1,'2022-11-10','0'),
(43,'4','คอมพิวเตอร์มือสอง',0,0,0,0,1,'2023-07-19',NULL),
(44,'4','ชิ้นส่วนปุ่มคีย์บอร์ด (เสื่อมสภาพแล้ว)',0,0,0,0,1,'2023-07-19','0'),
(45,'4','ชิ้นส่วนแผงวงจรอิเล็กทรอนิก',0,0,0,0,1,'2023-07-20','0');

--
-- Table structure for table `app_inventory_items`
--

CREATE TABLE `app_inventory_items` (
  `product_no` varchar(150) NOT NULL,
  `inventory_id` int(11) NOT NULL,
  `topic` varchar(100) NOT NULL,
  `price` float DEFAULT 0,
  `cut_stock` float DEFAULT 1,
  `unit` varchar(50) DEFAULT NULL,
  `instock` tinyint(1) DEFAULT 0,
  PRIMARY KEY (`product_no`),
  KEY `inventory_id` (`inventory_id`)
) ENGINE=MyISAM DEFAULT CHARSET=utf8mb3 COLLATE=utf8mb3_unicode_ci;

--
-- Dumping data for table `app_inventory_items`
--

INSERT INTO `app_inventory_items` VALUES
('P00003',6,'',399,1,'ตัว',1),
('P00002',5,'',1990,1,'ตัว',1),
('P00001',4,'',599,1,'ตัว',1),
('P00010',13,'',190,1,'อัน',1),
('P00011',14,'',250,1,'อัน',1),
('P00012',15,'',500,1,'อัน',1),
('P00005',8,'',790,1,'ตัว',1),
('P00006',9,'',0,1,'กล่อง',1),
('P00018',21,'',5400,1,'อัน',0),
('P00017',20,'',3100,1,'อัน',0),
('P00004',7,'',0,1,'ชุด',1),
('P00007',10,'',0,1,'ตัว',1),
('P00008',11,'',690,1,'ตัว',0),
('P00009',12,'',940,1,'ตัว',0),
('P00013',16,'',1200,1,'อัน',1),
('P00014',17,'',1900,1,'อัน',1),
('P00015',18,'',2500,1,'อัน',1),
('P00016',19,'',1900,1,'อัน',1),
('P00019',22,'',0,1,'อัน',1),
('P00020',23,'',0,1,'อัน',1),
('P00021',24,'',990,1,'เครื่อง',1),
('P00022',25,'',1590,1,'เครื่อง',1),
('P00023',26,'',5900,1,'เครื่อง',0),
('P00024',27,'',9000,1,'เครื่อง',1),
('P00025',28,'',400,1,'ตัว',1),
('P00026',29,'',900,1,'ตัว',0),
('P00027',30,'',1900,1,'ตัว',1),
('P00028',31,'',4000,1,'ตัว',1),
('P00029',32,'',4,1,'เมตร',0),
('P00030',33,'',6,1,'เมตร',1),
('P00031',34,'',10,1,'เมตร',1),
('P00032',35,'',20,1,'เมตร',1),
('P00033',36,'',2,1,'อัน',1),
('P00034',37,'',0,1,'',1),
('P00035',38,'',0,1,'',1),
('P00036',39,'',0,1,'',1),
('P00037',40,'',0,1,'',1),
('P00039',42,'',2000,1,'จอ',1),
('P00038',41,'',3000,1,'เครื่อง',1),
('P00040',43,'',100,1,'',1),
('P00041',44,'',150,1,'',1),
('P00042',45,'',110,1,'',1);

--
-- Table structure for table `app_inventory_meta`
--

CREATE TABLE `app_inventory_meta` (
  `inventory_id` int(11) NOT NULL,
  `name` varchar(20) NOT NULL,
  `value` text NOT NULL,
  KEY `inventory_id` (`inventory_id`),
  KEY `name` (`name`)
) ENGINE=MyISAM DEFAULT CHARSET=utf8mb3 COLLATE=utf8mb3_general_ci;

--
-- Dumping data for table `app_inventory_meta`
--


--
-- Table structure for table `app_number`
--

CREATE TABLE `app_number` (
  `type` varchar(20) NOT NULL,
  `key` varchar(10) NOT NULL DEFAULT '',
  `prefix` varchar(10) NOT NULL DEFAULT '',
  `auto_increment` int(11) NOT NULL,
  `last_update` date DEFAULT NULL,
  PRIMARY KEY (`type`,`key`)
) ENGINE=MyISAM DEFAULT CHARSET=utf8mb3 COLLATE=utf8mb3_unicode_ci;

--
-- Dumping data for table `app_number`
--

INSERT INTO `app_number` VALUES
('product_no','','',41,'2022-01-04'),
('QUO_NO','','',6,'2022-01-04'),
('OUT_NO','','',9,'2022-10-30'),
('PO_NO','','',1,'2024-03-12');

--
-- Table structure for table `app_orders`
--

CREATE TABLE `app_orders` (
  `id` int(11) NOT NULL AUTO_INCREMENT,
  `order_no` varchar(20) NOT NULL,
  `customer_id` int(11) NOT NULL,
  `order_date` date NOT NULL,
  `member_id` int(11) unsigned NOT NULL,
  `discount` float NOT NULL,
  `vat` float NOT NULL,
  `tax` float NOT NULL,
  `total` float NOT NULL,
  `status` enum('IN','OUT','PO','QUO','RET') NOT NULL,
  `paid` float NOT NULL,
  `discount_percent` float NOT NULL,
  `tax_status` float NOT NULL,
  `vat_status` tinyint(1) NOT NULL,
  `order` varchar(32) DEFAULT NULL,
  `due_date` date DEFAULT NULL,
  `payment_date` datetime DEFAULT NULL,
  `payment_method` varchar(255) DEFAULT NULL,
  `comment` text DEFAULT NULL,
  PRIMARY KEY (`id`)
) ENGINE=MyISAM AUTO_INCREMENT=17 DEFAULT CHARSET=utf8mb3 COLLATE=utf8mb3_unicode_ci;

--
-- Dumping data for table `app_orders`
--

INSERT INTO `app_orders` VALUES
(1,'QUO650104-0001',3,'2022-01-22',1,494,0,0,6100,'OUT',0,0,0,0,NULL,NULL,NULL,NULL,'ชำระผ่านการโอนเงินได้ที่\r\nธนาคารทหารไทยธนชาต(TTB) เลขบัญชี 473-7-12375-4\r\nชื่อบัญชี พีรพิชท์ เกียรติศิริ (bherabhit Kiattisiri)\r\n\r\nชำระแล้ว'),
(2,'QUO650125-0002',4,'2022-01-25',1,0,0,0,599,'QUO',0,0,0,0,NULL,NULL,NULL,NULL,'ชำระผ่านการโอนเงินได้ที่\r\nธนาคารทหารไทยธนชาต(TTB) เลขบัญชี 473-7-12375-4\r\nชื่อบัญชี พีรพิชท์ เกียรติศิริ (bherabhit Kiattisiri)'),
(3,'QUO650620-0003',5,'2022-06-20',1,92,0,0,8600,'QUO',0,0,0,0,NULL,NULL,NULL,NULL,'ชำระผ่านการโอนเงินได้ที่\r\nธนาคารทหารไทยธนชาต(TTB) เลขบัญชี 473-7-12375-4\r\nชื่อบัญชี พีรพิชท์ เกียรติศิริ (bherabhit Kiattisiri)'),
(4,'QUO650722-0004',6,'2022-07-22',1,0,0,0,36240,'QUO',0,0,0,0,NULL,NULL,NULL,NULL,''),
(5,'QUO650722-0005',6,'2022-07-22',1,0,0,0,44840,'QUO',0,0,0,0,NULL,NULL,NULL,NULL,''),
(6,'INV651030-0001',7,'2022-10-14',1,0,0,0,596,'OUT',0,0,0,0,NULL,NULL,NULL,NULL,'หมายเลขคำสั่งซื้อ : 2209076C60GJAH\r\nข้อมูลการขนส่ง Kerry Express : SDOF5096709948'),
(8,'INV651103-0003',7,'2022-11-03',1,0,0,0,1155,'OUT',0,0,0,0,NULL,NULL,NULL,NULL,'หมายเลขคำสั่งซื้อ : 22110227T9PWD6\r\nข้อมูลการขนส่ง Kerry Express : SDOF5202773702'),
(7,'INV651030-0002',7,'2022-10-31',1,0,0,0,596,'OUT',0,0,0,0,NULL,NULL,NULL,NULL,'หมายเลขคำสั่งซื้อ : 221028JFJSFS2X\r\nข้อมูลการขนส่ง Kerry Express : SDOF5202002308'),
(9,'INV651108-0004',7,'2022-11-08',1,0,0,0,1155,'OUT',0,0,0,0,NULL,NULL,NULL,NULL,'หมายเลขคำสั่งซื้อ : 221107EBK052UK\r\nข้อมูลการขนส่ง Kerry Express : SDOF5203299574'),
(10,'INV651110-0005',6,'2022-11-10',1,0,0,0,177000,'OUT',0,0,0,0,NULL,NULL,NULL,NULL,''),
(11,'INV651129-0006',7,'2022-11-26',1,0,0,0,1155,'OUT',0,0,0,0,NULL,NULL,NULL,NULL,''),
(12,'INV660221-0007',7,'2023-02-21',1,0,0,0,1155,'OUT',0,0,0,0,NULL,NULL,NULL,NULL,''),
(13,'QUO660608-0006',5,'2023-06-08',1,0,0,0,10000,'QUO',0,0,0,0,NULL,NULL,NULL,NULL,'ชำระผ่านการโอนเงินได้ที่\r\nธนาคารทหารไทยธนชาต(TTB) เลขบัญชี 473-7-12375-4\r\nชื่อบัญชี พีรพิชท์ เกียรติศิริ (bherabhit Kiattisiri)'),
(14,'INV660720-0008',8,'2023-07-20',1,0,0,0,820,'OUT',0,0,0,0,NULL,NULL,NULL,NULL,''),
(15,'INV670311-0009',8,'2024-03-12',1,0,0,0,495,'OUT',0,0,0,0,NULL,NULL,NULL,NULL,''),
(16,'PO670312-0001',8,'2024-03-13',1,0,0,0,250,'PO',0,0,0,0,NULL,NULL,NULL,NULL,'');

--
-- Table structure for table `app_stock`
--

CREATE TABLE `app_stock` (
  `id` int(11) NOT NULL AUTO_INCREMENT,
  `order_id` int(11) NOT NULL,
  `member_id` int(11) NOT NULL,
  `inventory_id` int(11) DEFAULT NULL,
  `product_no` varchar(50) DEFAULT NULL,
  `status` enum('IN','OUT','PO','QUO','RET') DEFAULT NULL,
  `create_date` datetime NOT NULL,
  `topic` varchar(150) DEFAULT NULL,
  `quantity` float DEFAULT 0,
  `cut_stock` float DEFAULT NULL,
  `unit` varchar(50) DEFAULT NULL,
  `used` float NOT NULL,
  `price` float NOT NULL,
  `vat` float NOT NULL,
  `discount` float NOT NULL,
  `total` float NOT NULL,
  PRIMARY KEY (`id`),
  KEY `owner_id` (`order_id`),
  KEY `status` (`status`),
  KEY `product_no` (`product_no`),
  KEY `inventory_id` (`inventory_id`)
) ENGINE=MyISAM AUTO_INCREMENT=80 DEFAULT CHARSET=utf8mb3 COLLATE=utf8mb3_unicode_ci;

--
-- Dumping data for table `app_stock`
--

INSERT INTO `app_stock` VALUES
(1,0,1,1,'S220HQLEBD','IN','2021-02-13 00:00:00','1108-365D จอมอนิเตอร์ ACER S220HQLEBD',5,1,'เครื่อง',0,3500,0,0,17500),
(2,0,1,2,'A550JX','IN','2021-02-13 00:00:00','A550JX ASUS A550JX',2,1,'เครื่อง',0,25000,0,0,50000),
(3,0,1,3,'IF111/036/1','IN','2021-02-13 00:00:00','IF111/036/1 Crucial 4GB DDR3L&amp;1600 SODIMM',10,1,'ชิ้น',0,500,0,0,5000),
(4,0,1,4,'P00001','IN','2022-01-04 15:09:49','กล้องวงจรปิดไม่ใช้เน็ต ดูภาพสดบันทึกภาพได้ รุ่น V380 1.3 ล้านHD960p + ฟรีอะแดปเตอร์',10,1,'ตัว',10,300,0,0,3000),
(5,0,1,5,'P00002','IN','2022-01-04 15:10:49','กล้องโซล่าเซลล์ไร้สายของจริง!!ไม่มีเน็ตก็ใช้ได้⚡️2ล้านพิกเซลล์ FHD1080p + ฟรี SDCard16GB',1,1,'ตัว',0,1000,0,0,1000),
(6,0,1,6,'P00003','IN','2022-01-04 15:11:33','กล้องวงจรปิด V380 มินิ รุ่น จิ๋วแต่แจ๋ว ไม่มีเน็ตก็ใช้งานได้ 2 ล้านพิกเซลล์ 1080FHD + ฟรีอะแดปเตอร์',1,1,'ตัว',0,250,0,0,250),
(7,0,1,13,'P00010','IN','2022-01-04 15:15:37','Sandisk Micro SD Card 16GB Class 10',3,1,'อัน',0,99,0,0,297),
(8,0,1,14,'P00011','IN','2022-01-04 15:16:34','Sandisk Micro SD Card 32GB Class 10',4,1,'อัน',0,130,0,0,520),
(9,0,1,15,'P00012','IN','2022-01-04 15:16:53','Sandisk Micro SD Card 64GB Class 10',10,1,'อัน',6,200,0,0,2000),
(12,1,1,21,'P00018','OUT','2022-01-04 00:00:00','P00018 ค่าจัดส่งสินค้า',1,1,'',0,0,0,0,0),
(11,1,1,15,'P00012','OUT','2022-01-04 00:00:00','P00012 Sandisk Micro SD Card 64GB Class 10',6,1,'อัน',0,500,0,0,3000),
(10,1,1,4,'P00001','OUT','2022-01-04 00:00:00','P00001 กล้องวงจรปิดไม่ใช้เน็ต ดูภาพสดบันทึกภาพได้ รุ่น V380 1.3 ล้านHD960p + ฟรีอะแดปเตอร์',6,1,'ตัว',0,599,0,0,3594),
(13,2,1,4,'P00001','QUO','2022-01-25 00:00:00','P00001 กล้องวงจรปิดไม่ใช้เน็ต ดูภาพสดบันทึกภาพได้ รุ่น V380 1.3 ล้านHD960p + ฟรีอะแดปเตอร์',1,1,'ตัว',0,599,0,0,599),
(14,2,1,21,'P00018','QUO','2022-01-25 00:00:00','P00018 ค่าจัดส่งสินค้า',1,1,'',0,0,0,0,0),
(16,3,1,9,'P00009','QUO','2022-06-20 00:00:00','P00009 เครื่องบันทึกภาพ NVR 8 ช่อง',1,1,'',0,1500,0,0,1500),
(15,3,1,8,'P00008','QUO','2022-06-20 00:00:00','P00008 กล้องวงจรปิดรุ่น V380 ติดตั้งภายนอก กันน้ำกันฝน',8,1,'',0,899,0,0,7192),
(17,0,1,24,'P00021','IN','2022-07-22 17:25:07','เครื่องบันทึกภาพกล้องวงจรปิด IP Camera NVR 8 ช่อง',1,1,'เครื่อง',0,590,0,0,590),
(18,0,1,25,'P00022','IN','2022-07-22 17:25:43','เครื่องบันทึกภาพกล้องวงจรปิด IP Camera NVR 16 ช่อง',1,1,'เครื่อง',0,900,0,0,900),
(19,0,1,26,'P00023','IN','2022-07-22 17:27:18','เครื่องบันทึกภาพกล้องวงจรปิด IP Camera NVR 32 ช่อง',1,1,'เครื่อง',1,2000,0,0,2000),
(20,0,1,27,'P00024','IN','2022-07-22 17:27:48','เครื่องบันทึกภาพกล้องวงจรปิด IP Camera NVR 64ช่อง',1,1,'เครื่อง',0,6000,0,0,6000),
(21,0,1,28,'P00025','IN','2022-07-22 17:34:26','Switching Hub 5 Port',1,1,'ตัว',0,300,0,0,300),
(22,0,1,29,'P00026','IN','2022-07-22 17:34:53','Switching Hub 8 Port',1,1,'ตัว',1,700,0,0,700),
(23,0,1,30,'P00027','IN','2022-07-22 17:35:32','Switching Hub 16 Port',1,1,'ตัว',0,1200,0,0,1200),
(24,0,1,31,'P00028','IN','2022-07-22 17:36:05','Switching Hub 48 Port',1,1,'ตัว',0,3000,0,0,3000),
(25,0,1,32,'P00029','IN','2022-07-22 17:39:59','สายแลน Cat 5e',300,1,'เมตร',300,2,0,0,600),
(26,0,1,33,'P00030','IN','2022-07-22 17:40:47','สายแลน Cat 6',100,1,'เมตร',0,3,0,0,300),
(27,0,1,34,'P00031','IN','2022-07-22 17:41:17','สายแลน Cat 7',1,1,'เมตร',0,8,0,0,8),
(28,0,1,35,'P00032','IN','2022-07-22 17:41:58','สายแลน Cat 8',1,1,'เมตร',0,15,0,0,15),
(29,0,1,36,'P00033','IN','2022-07-22 17:43:25','หัวแลน',1,1,'อัน',0,1,0,0,1),
(30,0,1,37,'P00034','IN','2022-07-22 17:44:25','อุปกรณ์เข้าหัวสาย',1,1,'',1,300,0,0,300),
(31,0,1,38,'P00035','IN','2022-07-22 17:45:59','ตู้ Network Rack',3,1,'ตู้',3,900,0,0,2700),
(32,0,1,39,'P00036','IN','2022-07-22 17:46:37','เครื่องสำรองไฟ',1,1,'เครื่อง',1,1500,0,0,1500),
(33,0,1,11,NULL,'IN','2022-07-22 18:12:03','กล้องวงจรปิด IPCamera XMeye ความละเอียด 2 ล้านพิกเซล FullHD 1080P',16,1,'ตัว',16,470,0,0,7520),
(34,0,1,12,NULL,'IN','2022-07-22 18:12:10','กล้องวงจรปิด IPCamera XMeye ความละเอียด 5 ล้านพิกเซล UltraHD 2.7K',16,1,'ตัว',16,520,0,0,8320),
(35,0,1,40,'P00037','IN','2022-07-22 18:17:07','Switching จ่ายไฟเลี้ยงกล้อง',3,1,'ตัว',3,300,0,0,900),
(36,4,1,11,'P00008','QUO','2022-07-22 00:00:00','P00008 กล้องวงจรปิด IPCamera XMeye ความละเอียด 2 ล้านพิกเซล FullHD 1080P',16,1,'ตัว',0,690,0,0,11040),
(37,4,1,26,'P00023','QUO','2022-07-22 00:00:00','P00023 เครื่องบันทึกภาพกล้องวงจรปิด IP Camera NVR 32 ช่อง',1,1,'เครื่อง',0,5900,0,0,5900),
(38,4,1,20,'P00017','QUO','2022-07-22 00:00:00','P00017 Hdd 4 Tb Wd Purple (wd40purz)',2,1,'อัน',0,3100,0,0,6200),
(39,4,1,29,'P00026','QUO','2022-07-22 00:00:00','P00026 Switching Hub 8 Port',3,1,'ตัว',0,900,0,0,2700),
(40,4,1,32,'P00029','QUO','2022-07-22 00:00:00','P00029 สายแลน Cat 5e',500,1,'เมตร',0,7,0,0,3500),
(41,4,1,38,'P00035','QUO','2022-07-22 00:00:00','P00035 ตู้ Network Rack',3,1,'ตู้',0,1000,0,0,3000),
(42,4,1,39,'P00036','QUO','2022-07-22 00:00:00','P00036 เครื่องสำรองไฟ',1,1,'เครื่อง',0,1900,0,0,1900),
(43,4,1,40,'P00037','QUO','2022-07-22 00:00:00','P00037 Switching จ่ายไฟเลี้ยงกล้อง',3,1,'ตัว',0,500,0,0,1500),
(44,4,1,37,'P00034','QUO','2022-07-22 00:00:00','P00034 อุปกรณ์เข้าหัวสาย',1,1,'',0,500,0,0,500),
(45,5,1,12,'P00009','QUO','2022-07-22 00:00:00','P00009 กล้องวงจรปิด IPCamera XMeye ความละเอียด 5 ล้านพิกเซล UltraHD 2.7K',16,1,'ตัว',0,940,0,0,15040),
(46,5,1,26,'P00023','QUO','2022-07-22 00:00:00','P00023 เครื่องบันทึกภาพกล้องวงจรปิด IP Camera NVR 32 ช่อง',1,1,'เครื่อง',0,5900,0,0,5900),
(47,5,1,21,'P00018','QUO','2022-07-22 00:00:00','P00018 Hdd 6 Tb Wd Purple (wd60purz)',2,1,'อัน',0,5400,0,0,10800),
(48,5,1,29,'P00026','QUO','2022-07-22 00:00:00','P00026 Switching Hub 8 Port',3,1,'ตัว',0,900,0,0,2700),
(49,5,1,32,'P00029','QUO','2022-07-22 00:00:00','P00029 สายแลน Cat 5e',500,1,'เมตร',0,7,0,0,3500),
(50,5,1,38,'P00035','QUO','2022-07-22 00:00:00','P00035 ตู้ Network Rack',3,1,'ตู้',0,1000,0,0,3000),
(51,5,1,39,'P00036','QUO','2022-07-22 00:00:00','P00036 เครื่องสำรองไฟ',1,1,'เครื่อง',0,1900,0,0,1900),
(52,5,1,40,'P00037','QUO','2022-07-22 00:00:00','P00037 Switching จ่ายไฟเลี้ยงกล้อง',3,1,'ตัว',0,500,0,0,1500),
(53,5,1,37,'P00034','QUO','2022-07-22 00:00:00','P00034 อุปกรณ์เข้าหัวสาย',1,1,'',0,500,0,0,500),
(54,6,1,4,'P00001','OUT','2022-10-14 00:00:00','P00001 กล้องวงจรปิดไม่ใช้เน็ต ดูภาพสดบันทึกภาพได้ รุ่น V380 1.3 ล้านHD960p + ฟรีอะแดปเตอร์',1,1,'ตัว',0,559,0,0,559),
(55,6,1,9,'P00006','OUT','2022-10-14 00:00:00','P00006 ค่าส่งสินค้า',1,1,'',0,37,0,0,37),
(57,7,1,9,'P00006','OUT','2022-10-31 00:00:00','P00006 ค่าส่งสินค้า',1,1,'',0,37,0,0,37),
(56,7,1,4,'P00001','OUT','2022-10-31 00:00:00','P00001 กล้องวงจรปิดไม่ใช้เน็ต ดูภาพสดบันทึกภาพได้ รุ่น V380 1.3 ล้านHD960p + ฟรีอะแดปเตอร์',1,1,'ตัว',0,559,0,0,559),
(58,0,1,4,NULL,'IN','2022-11-03 17:02:01','กล้องวงจรปิดไม่ใช้เน็ต ดูภาพสดบันทึกภาพได้ รุ่น V380 1.3 ล้านHD960p + ฟรีอะแดปเตอร์',9,1,'ตัว',7,300,0,0,2700),
(60,8,1,9,'P00006','OUT','2022-11-03 00:00:00','P00006 ค่าส่งสินค้า',1,1,'กล่อง',0,37,0,0,37),
(59,8,1,4,'P00001','OUT','2022-11-03 00:00:00','P00001 กล้องวงจรปิดไม่ใช้เน็ต ดูภาพสดบันทึกภาพได้ รุ่น V380 1.3 ล้านHD960p + ฟรีอะแดปเตอร์',2,1,'ตัว',0,559,0,0,1118),
(61,9,1,4,'P00001','OUT','2022-11-08 00:00:00','P00001 กล้องวงจรปิดไม่ใช้เน็ต ดูภาพสดบันทึกภาพได้ รุ่น V380 1.3 ล้านHD960p + ฟรีอะแดปเตอร์',2,1,'ตัว',0,559,0,0,1118),
(62,9,1,9,'P00006','OUT','2022-11-08 00:00:00','P00006 ค่าส่งสินค้า',1,1,'กล่อง',0,37,0,0,37),
(63,0,1,41,'P00038','IN','2022-11-10 14:07:02','คอมพิวเตอร์ Dell OptiPlex 7020 SFF CPU i3-4160 Ram 4GB SSD 120GB',30,1,'',30,2000,0,0,60000),
(64,0,1,42,'P00039','IN','2022-11-10 15:09:37','จอคอมพิวเตอร์ขนาด 21.5 นิ้ว',30,1,'จอ',30,2000,0,0,60000),
(65,10,1,41,'P00038','OUT','2022-11-10 00:00:00','P00038 คอมพิวเตอร์ Dell OptiPlex 7020 SFF CPU i3-4160 Ram 4GB SSD 120GB',30,1,'',0,2900,0,0,87000),
(66,10,1,42,'P00039','OUT','2022-11-10 00:00:00','P00039 จอคอมพิวเตอร์ขนาด 21.5 นิ้ว',30,1,'จอ',0,3000,0,0,90000),
(67,11,1,4,'P00001','OUT','2022-11-26 00:00:00','P00001 กล้องวงจรปิดไม่ใช้เน็ต ดูภาพสดบันทึกภาพได้ รุ่น V380 1.3 ล้านHD960p + ฟรีอะแดปเตอร์',2,1,'ตัว',0,559,0,0,1118),
(68,11,1,9,'P00006','OUT','2022-11-26 00:00:00','P00006 ค่าส่งสินค้า',1,1,'กล่อง',0,37,0,0,37),
(70,12,1,9,'P00006','OUT','2023-02-21 00:00:00','P00006 ค่าส่งสินค้า',1,1,'กล่อง',0,37,0,0,37),
(69,12,1,4,'P00001','OUT','2023-02-21 00:00:00','P00001 กล้องวงจรปิดไม่ใช้เน็ต ดูภาพสดบันทึกภาพได้ รุ่น V380 1.3 ล้านHD960p + ฟรีอะแดปเตอร์',2,1,'ตัว',0,559,0,0,1118),
(71,13,1,41,'P00040','QUO','2023-06-08 00:00:00','P00040 คอมพิวเตอร์ Dell OptiPlex 7020 SFF CPU i3-4160 Ram 4GB SSD 120GB',2,1,'เครื่อง',0,3000,0,0,6000),
(72,13,1,42,'P0000039','QUO','2023-06-08 00:00:00','P0000039 จอคอมพิวเตอร์ขนาด 21.5 นิ้ว',2,1,'จอ',0,2000,0,0,4000),
(74,14,1,44,'P00041','OUT','2023-07-20 00:00:00','P00041 ชิ้นส่วนปุ่มคีย์บอร์ด (เสื่อมสภาพแล้ว)',2,1,'',0,200,0,0,400),
(75,14,1,45,'P00042','OUT','2023-07-20 00:00:00','P00042 อุปกรณ์อิเล็กทรอนิกส์มือสอง (เสื่อมสภาพแล้ว)',1,1,'',0,120,0,0,120),
(73,14,1,43,'P00040','OUT','2023-07-20 00:00:00','P00040 ชิ้นส่วนแผงวงจรอิเล็กทรอนิก (เสื่อมสภาพแล้ว)',3,1,'',0,100,0,0,300),
(76,15,1,45,'P00042','OUT','2024-03-12 00:00:00','P00242 ค่าเช่า-ยืมอุปกรณ์โปรเจคเตอร์',1,1,'',0,250,0,0,250),
(77,16,1,45,'P00042','PO','2024-03-13 00:00:00','P00048 ค่าเช่า-ยืมอุปกรณ์โปรเจคเตอร์รายวัน',1,1,'',0,250,0,0,250),
(78,15,1,44,'P00041','OUT','2024-03-12 00:00:00','P00321 เทปพันสายไฟ ม้วนใหญ่',1,1,'',0,89,0,0,89),
(79,15,1,43,'P00040','OUT','2024-03-12 00:00:00','P00040 ถ่านไฟฉายขนาด AA',4,1,'',0,39,0,0,156);

--
-- Dumping routines for database 'admin2_docs'
--


