--
-- Host: localhost    Database: admin2_docs
-- ------------------------------------------------------


--
-- Table structure for table `app_category`
--

CREATE TABLE `app_category` (
  `type` varchar(20) NOT NULL,
  `category_id` varchar(10) NOT NULL DEFAULT '0',
  `topic` varchar(150) NOT NULL,
  PRIMARY KEY (`type`,`category_id`)
) ENGINE=MyISAM DEFAULT CHARSET=utf8mb3 COLLATE=utf8mb3_unicode_ci;

--
-- Dumping data for table `app_category`
--

INSERT INTO `app_category` VALUES
('category_id','3','เครื่องบันทึกภาพ'),
('category_id','2','หน่วยความจำ'),
('category_id','1','กล้องวงจรปิด'),
('category_id','4','อุปกรณ์คอมพิวเตอร์'),
('category_id','5','อุปกรณ์เน็ตเวิร์ค'),
('category_id','6','บริการ');

--
-- Table structure for table `app_customer`
--

CREATE TABLE `app_customer` (
  `id` int(11) NOT NULL AUTO_INCREMENT,
  `company` varchar(64) DEFAULT NULL,
  `branch` varchar(50) DEFAULT NULL,
  `name` varchar(50) NOT NULL,
  `idcard` varchar(13) DEFAULT NULL,
  `tax_id` varchar(13) DEFAULT NULL,
  `phone` varchar(20) DEFAULT NULL,
  `fax` varchar(20) DEFAULT NULL,
  `email` varchar(255) DEFAULT NULL,
  `address` varchar(64) DEFAULT NULL,
  `provinceID` smallint(3) unsigned NOT NULL,
  `province` varchar(64) DEFAULT NULL,
  `zipcode` varchar(5) DEFAULT NULL,
  `country` varchar(2) DEFAULT NULL,
  `website` varchar(150) DEFAULT NULL,
  `bank` varchar(100) DEFAULT NULL,
  `bank_name` varchar(100) DEFAULT NULL,
  `bank_no` varchar(20) DEFAULT NULL,
  `discount` double NOT NULL,
  PRIMARY KEY (`id`)
) ENGINE=MyISAM AUTO_INCREMENT=9 DEFAULT CHARSET=utf8mb3 COLLATE=utf8mb3_unicode_ci;

--
-- Dumping data for table `app_customer`
--

INSERT INTO `app_customer` VALUES
(3,'บริษัท ซีบี ออร์กาไนเซอร์ จำกัด','','คุณก้อยจัดซื้อ',NULL,'0105550014342','0652052388','0253352768','','43/30 ซอยวิภาวดีรังสิต 41 แขวงสนามบิน เขตดอนเมือง',10,'กรุงเทพมหานคร','10210','TH','',NULL,NULL,NULL,0),
(4,'บริษัท ไทย เจอี เทคโนโลยี จำกัด','','คุณยุ้ย',NULL,'0215562002327','0972939226','0389139324','supaporn2535w@gmail.com','500/165 หมู้ที่3 ตำบลตาสิทธื์ อำเภอปลวกแดง',21,'ระยอง','21140','TH','',NULL,NULL,NULL,0),
(5,'บริษัท แทนรัฐไลเซ่น สาย4 จำกัด','','',NULL,'0735560002121','0991862999','','','45/1 ม.8 ต.กระทุ่มล้มถนนพุทธมณฑลสาย4 อ.สามพราน',73,'นครปฐม','73220','TH','',NULL,NULL,NULL,0),
(6,'โรงเรียนสอนขับรถพงษ์เพชร ไดร์ฟวิ่ง','ประชาชื่น ซอย 4','คุณนิรมล ภูขาว',NULL,'','025897589','','','-',0,'','','TH','www.pongpetrdriving.com',NULL,NULL,NULL,0),
(7,'บริษัท โคบายาชิ คอร์ปอเรชั่น (ไทยแลนด์) จำกัด สำนักงานใหญ่','สำนักงานใหญ่','ภิพัฒน์ เติมสุทา',NULL,'0145549001127','0357295578','','','เลขที่ 195 ม.1 ต.บ้านเลน อ.บางปะอิน',14,'พระนครศรีอยุธยา','13160','TH','',NULL,NULL,NULL,0),
(8,'คณะศึกษาศาสตร์ มหาวิทยาลัยเกษตรศาสตร์','','',NULL,'0994000159382','029428273','','','50 ถนนงามวงศ์วาน แขวงลาดยาว เขตจตุจักร',10,'กรุงเทพมหานคร','10900','TH','',NULL,NULL,NULL,0);

--
-- Table structure for table `app_inventory`
--

CREATE TABLE `app_inventory` (
  `id` int(11) NOT NULL AUTO_INCREMENT,
  `category_id` varchar(10) DEFAULT '0',
  `topic` varchar(150) DEFAULT NULL,
  `cost` float DEFAULT 0,
  `vat` float DEFAULT 0,
  `stock` float DEFAULT 0,
  `count_stock` tinyint(1) DEFAULT 1,
  `inuse` tinyint(1) NOT NULL DEFAULT 1,
  `create_date` date DEFAULT NULL,
  `unit` varchar(50) DEFAULT NULL,
  PRIMARY KEY (`id`),
  KEY `category_id` (`category_id`),
  KEY `count_stock` (`count_stock`)
) ENGINE=MyISAM AUTO_INCREMENT=46 DEFAULT CHARSET=utf8mb3 COLLATE=utf8mb3_unicode_ci;

--
-- Dumping data for table `app_inventory`
--

INSERT INTO `app_inventory` VALUES
(4,'1','กล้องวงจรปิดไม่ใช้เน็ต ดูภาพสดบันทึกภาพได้ รุ่น V380 1.3 ล้านHD960p + ฟรีอะแดปเตอร์',300,0,NULL,2,1,'2022-01-04','0'),
(5,'1','กล้องโซล่าเซลล์ไร้สายของจริง!!ไม่มีเน็ตก็ใช้ได้⚡️2ล้านพิกเซลล์ FHD1080p + ฟรี SDCard16GB',1000,0,1,1,1,'2022-01-04',NULL),
(6,'1','กล้องวงจรปิด V380 มินิ รุ่น จิ๋วแต่แจ๋ว ไม่มีเน็ตก็ใช้งานได้ 2 ล้านพิกเซลล์ 1080FHD + ฟรีอะแดปเตอร์',250,0,1,1,1,'2022-01-04',NULL),
(7,'1','ชุดกล้องวงจรปิด 4,8 ตัว FHD1080p 2 ล้าน พร้อม กล่องบันทึกภาพ NVR รองรับสูงสุด 16 ตัว + ฟรีอแดปเตอร์/ขากล้อง/สายแลนครบชุด',0,0,0,0,1,'2022-01-04',NULL),
(8,'1','กล้องวงจรปิดรุ่น V380 ติดตั้งภายนอก กันน้ำกันฝน',NULL,0,NULL,1,1,'2022-01-04','0'),
(9,'6','ค่าส่งสินค้า',0,0,0,0,1,'2022-01-04','0'),
(10,'1','กล้องวงจรปิดรุ่นอื่นๆ3',0,0,0,0,1,'2022-01-04',NULL),
(11,'1','กล้องวงจรปิด IPCamera XMeye ความละเอียด 2 ล้านพิกเซล FullHD 1080P',470,0,0,1,1,'2022-01-04','0'),
(12,'1','กล้องวงจรปิด IPCamera XMeye ความละเอียด 5 ล้านพิกเซล UltraHD 2.7K',520,0,0,1,1,'2022-01-04','0'),
(13,'2','Sandisk Micro SD Card 16GB Class 10',99,0,3,1,1,'2022-01-04',NULL),
(14,'2','Sandisk Micro SD Card 32GB Class 10',130,0,4,1,1,'2022-01-04',NULL),
(15,'2','Sandisk Micro SD Card 64GB Class 10',200,0,4,1,1,'2022-01-04',NULL),
(16,'2','Hdd 1 Tb Wd Blue (wd20ezaz)',0,0,0,0,1,'2022-01-04',NULL),
(17,'2','Hdd 2 Tb Wd Blue (wd20ezaz)',0,0,0,0,1,'2022-01-04',NULL),
(18,'2','Hdd 4 Tb Wd Blue (wd20ezaz)',0,0,0,0,1,'2022-01-04',NULL),
(19,'2','Hdd 2 Tb Wd Purple (wd20purz)',0,0,0,0,1,'2022-01-04',NULL),
(20,'2','Hdd 4 Tb Wd Purple (wd40purz)',NULL,0,NULL,1,1,'2022-01-04','0'),
(21,'2','Hdd 6 Tb Wd Purple (wd60purz)',NULL,0,NULL,1,1,'2022-01-04','0'),
(24,'3','เครื่องบันทึกภาพกล้องวงจรปิด IP Camera NVR 8 ช่อง',590,0,1,1,1,'2022-07-22',NULL),
(41,'4','คอมพิวเตอร์ Dell OptiPlex 7020 SFF CPU i3-4160 Ram 4GB SSD 120GB',1000,0,2,0,1,'2022-11-10','0'),
(22,'2','Hdd 8 Tb Wd Purple (wd80purz)',0,0,0,0,1,'2022-07-22',NULL),
(23,'2','Hdd 12 Tb Wd Purple (wd121purz)',12000,0,0,1,1,'2022-07-22','0'),
(25,'3','เครื่องบันทึกภาพกล้องวงจรปิด IP Camera NVR 16 ช่อง',900,0,1,1,1,'2022-07-22',NULL),
(26,'3','เครื่องบันทึกภาพกล้องวงจรปิด IP Camera NVR 32 ช่อง',2000,0,NULL,1,1,'2022-07-22',NULL),
(27,'3','เครื่องบันทึกภาพกล้องวงจรปิด IP Camera NVR 64ช่อง',6000,0,1,1,1,'2022-07-22',NULL),
(28,'5','Switching Hub 5 Port',300,0,1,1,1,'2022-07-22',NULL),
(29,'5','Switching Hub 8 Port',700,0,NULL,1,1,'2022-07-22',NULL),
(30,'5','Switching Hub 16 Port',1200,0,1,1,1,'2022-07-22',NULL),
(31,'5','Switching Hub 48 Port',3000,0,1,1,1,'2022-07-22',NULL),
(32,'5','สายแลน Cat 5e',2,0,NULL,1,1,'2022-07-22',NULL),
(33,'5','สายแลน Cat 6',3,0,100,1,1,'2022-07-22',NULL),
(34,'5','สายแลน Cat 7',8,0,1,1,1,'2022-07-22',NULL),
(35,'5','สายแลน Cat 8',15,0,1,1,1,'2022-07-22',NULL),
(36,'5','หัวแลน',1,0,1,1,1,'2022-07-22',NULL),
(37,'5','อุปกรณ์เข้าหัวสาย',300,0,NULL,1,1,'2022-07-22',NULL),
(38,'5','ตู้ Network Rack',900,0,NULL,1,1,'2022-07-22',NULL),
(39,'4','เครื่องสำรองไฟ',1500,0,NULL,1,1,'2022-07-22',NULL),
(40,'1','Switching จ่ายไฟเลี้ยงกล้อง',300,0,NULL,1,1,'2022-07-22',NULL),
(42,'4','จอคอมพิวเตอร์ขนาด 21.5 นิ้ว',2000,0,2,0,1,'2022-11-10','0'),
(43,'4','คอมพิวเตอร์มือสอง',0,0,0,0,1,'2023-07-19',NULL),
(44,'4','ชิ้นส่วนปุ่มคีย์บอร์ด (เสื่อมสภาพแล้ว)',0,0,0,0,1,'2023-07-19','0'),
(45,'4','ชิ้นส่วนแผงวงจรอิเล็กทรอนิก',0,0,0,0,1,'2023-07-20','0');

--
-- Table structure for table `app_inventory_items`
--

CREATE TABLE `app_inventory_items` (
  `product_no` varchar(150) NOT NULL,
  `inventory_id` int(11) NOT NULL,
  `topic` varchar(100) NOT NULL,
  `price` float DEFAULT 0,
  `cut_stock` float DEFAULT 1,
  `unit` varchar(50) DEFAULT NULL,
  `instock` tinyint(1) DEFAULT 0,
  PRIMARY KEY (`product_no`),
  KEY `inventory_id` (`inventory_id`)
) ENGINE=MyISAM DEFAULT CHARSET=utf8mb3 COLLATE=utf8mb3_unicode_ci;

--
-- Dumping data for table `app_inventory_items`
--

INSERT INTO `app_inventory_items` VALUES
('P00003',6,'',399,1,'ตัว',1),
('P00002',5,'',1990,1,'ตัว',1),
('P00001',4,'',599,1,'ตัว',1),
('P00010',13,'',190,1,'อัน',1),
('P00011',14,'',250,1,'อัน',1),
('P00012',15,'',500,1,'อัน',1),
('P00005',8,'',790,1,'ตัว',1),
('P00006',9,'',0,1,'กล่อง',1),
('P00018',21,'',5400,1,'อัน',0),
('P00017',20,'',3100,1,'อัน',0),
('P00004',7,'',0,1,'ชุด',1),
('P00007',10,'',0,1,'ตัว',1),
('P00008',11,'',690,1,'ตัว',0),
('P00009',12,'',940,1,'ตัว',0),
('P00013',16,'',1200,1,'อัน',1),
('P00014',17,'',1900,1,'อัน',1),
('P00015',18,'',2500,1,'อัน',1),
('P00016',19,'',1900,1,'อัน',1),
('P00019',22,'',0,1,'อัน',1),
('P00020',23,'',0,1,'อัน',1),
('P00021',24,'',990,1,'เครื่อง',1),
('P00022',25,'',1590,1,'เครื่อง',1),
('P00023',26,'',5900,1,'เครื่อง',0),
('P00024',27,'',9000,1,'เครื่อง',1),
('P00025',28,'',400,1,'ตัว',1),
('P00026',29,'',900,1,'ตัว',0),
('P00027',30,'',1900,1,'ตัว',1),
('P00028',31,'',4000,1,'ตัว',1),
('P00029',32,'',4,1,'เมตร',0),
('P00030',33,'',6,1,'เมตร',1),
('P00031',34,'',10,1,'เมตร',1),
('P00032',35,'',20,1,'เมตร',1),
('P00033',36,'',2,1,'อัน',1),
('P00034',37,'',0,1,'',1),
('P00035',38,'',0,1,'',1),
('P00036',39,'',0,1,'',1),
('P00037',40,'',0,1,'',1),
('P00039',42,'',2000,1,'จอ',1),
('P00038',41,'',3000,1,'เครื่อง',1),
('P00040',43,'',100,1,'',1),
('P00041',44,'',150,1,'',1),
('P00042',45,'',110,1,'',1);

--
-- Table structure for table `app_inventory_meta`
--

CREATE TABLE `app_inventory_meta` (
  `inventory_id` int(11) NOT NULL,
  `name` varchar(20) NOT NULL,
  `value` text NOT NULL,
  KEY `inventory_id` (`inventory_id`),
  KEY `name` (`name`)
) ENGINE=MyISAM DEFAULT CHARSET=utf8mb3 COLLATE=utf8mb3_general_ci;

--
-- Dumping data for table `app_inventory_meta`
--


--
-- Table structure for table `app_language`
--

CREATE TABLE `app_language` (
  `id` int(11) NOT NULL AUTO_INCREMENT,
  `key` text NOT NULL,
  `la` text DEFAULT NULL,
  `ma` text DEFAULT NULL,
  `type` varchar(5) NOT NULL,
  `owner` varchar(20) NOT NULL,
  `js` tinyint(1) NOT NULL,
  `th` text DEFAULT NULL,
  `en` text DEFAULT NULL,
  PRIMARY KEY (`id`)
) ENGINE=MyISAM AUTO_INCREMENT=326 DEFAULT CHARSET=utf8mb3 COLLATE=utf8mb3_unicode_ci;

--
-- Dumping data for table `app_language`
--

INSERT INTO `app_language` VALUES
(1,'CANCEL','ຍົກເລີກ','ပယ်ဖျက်ရန်','text','index',1,'ยกเลิก','Cancel'),
(2,'CHANGE_COLOR','ປ່ຽນສີ','အရောင်ပြောင်းပါ','text','index',1,'เปลี่ยนสี','change color'),
(3,'CHECK','ເລືອກ','ရွေးချယ်ပါ','text','index',1,'เลือก','check'),
(4,'CHECKBOX','ກ່ອງກາເຄື່ອງໝາຍ','ရွေးချယ်စရာများ','text','index',1,'ตัวเลือก','Checkbox'),
(5,'CLOSE','ປິດ','ပိတ်','text','index',1,'ปิด','Close'),
(6,'DELETE','ລຶບ','ဖျက်ပစ်ရန်','text','index',1,'ลบ','delete'),
(7,'DISABLE','ປິດໃຊ້ການ','ပိတ်','text','index',1,'ปิดใช้งาน','Disable'),
(8,'ENABLE','ເປີດໃຊ້ການ','ဖွင့်','text','index',1,'เปิดใช้งาน','Enable'),
(9,'INVALID_DATA','ຂໍ້ມູນ XXX ບໍ່ຖືກຕ້ອງ','XXX ဒေတာသည်မမှန်ကန်ပါ။','text','index',1,'ข้อมูล XXX ไม่ถูกต้อง','XXX Invalid data'),
(10,'NEXT_MONTH','ເດືອນຕໍ່ໄປ','နောက်လ','text','index',1,'เดือนถัดไป','Next Month'),
(11,'PLEASE_BROWSE_FILE','ກະລຸນາເລືອກແຟ້ມຂໍ້ມູນ','ကျေးဇူးပြု၍ ရွေးချယ်ပါ','text','index',1,'กรุณาเลือกไฟล์','Please browse file'),
(12,'PLEASE_FILL_IN','ກະລຸນາພີ່ມ','ကျေးဇူးပြု၍ ဖြည့်ပါ','text','index',1,'กรุณากรอก','Please fill in'),
(13,'PLEASE_SAVE_BEFORE_CONTINUING','ກະລຸນາບັນທຶກກ່ອນດຳເນີນການຕໍ່','ဆက်မလုပ်မီသိမ်းဆည်းပါ','text','index',1,'กรุณาบันทึก ก่อนดำเนินการต่อ','Please save before continuing'),
(14,'PLEASE_SELECT','ກະລຸນາເລືອກ','ကျေးဇူးပြု၍ ရွေးချယ်ပါ','text','index',1,'กรุณาเลือก','Please select'),
(15,'PLEASE_SELECT_AT_LEAST_ONE_ITEM','ກະລຸນາເລືອກ XXX ຢ່າງໜ້ອຍໜຶ່ງລາຍການ','ကျေးဇူးပြုပြီးအနည်းဆုံး ၁ XXX ကိုရွေးပါ။','text','index',1,'กรุณาเลือก XXX อย่างน้อย 1 รายการ','Please select XXX at least one item'),
(16,'PREV_MONTH','ເດືອນທີ່ຜ່ານມາ','ပြီးခဲ့သည့်လက','text','index',1,'เดือนก่อนหน้า','Prev Month'),
(17,'SELECT_ALL','ເລືອກທັງໝົດ','အားလုံးကိုရွေးပါ','text','index',1,'เลือกทั้งหมด','select all'),
(18,'SELECT_NONE','ບໍ່ເລືອກລາຍການໃດເລີຍ','ရွေးချယ်ထားခြင်းမရှိပါ','text','index',1,'ไม่เลือกรายการใดเลย','select none'),
(19,'SORRY_XXX_NOT_FOUND','ຂໍອະໄພບໍ່ພົບ XXX ທີ່ຕ້ອງການ','စိတ်မကောင်းပါ၊ XXX ကိုရှာမတွေ့ပါ။','text','index',1,'ขออภัย ไม่พบ XXX ที่ต้องการ','Sorry XXX not found'),
(20,'SUCCESSFULLY_COPIED_TO_CLIPBOARD','ສຳເນົາໄປຍັງຄິບບອດຮຽບຮ້ອຍ','clipboard သို့ကူးယူပြီးပြီ','text','index',1,'สำเนาไปยังคลิปบอร์ดเรียบร้อย','Successfully copied to clipboard'),
(21,'SUCCESSFULLY_UPLOADED_XXX_FILES','ອັບໂຫຼດຮຽບຮ້ອຍ XXX ແຟ້ມ','တင်ထားသော XXX ဖိုင်များ','text','index',1,'อัปโหลดเรียบร้อย XXX ไฟล์','Successfully uploaded XXX files'),
(22,'THE_TYPE_OF_FILE_IS_INVALID','ຊະນິດຂອງແຟ້ມບໍ່ຖືກຕ້ອງ','ဖိုင်အမျိုးအစားမမှန်ကန်ပါ','text','index',1,'ชนิดของไฟล์ไม่ถูกต้อง','The type of file is invalid'),
(23,'UNCHECK','ບໍ່ເລືອກ','မရွေးရ','text','index',1,'ไม่เลือก','uncheck'),
(24,'YOU_WANT_TO_XXX','ທ່ານບໍ່ຕ້ອງການ XXX ?','XXX လိုချင်လား','text','index',1,'คุณต้องการ XXX ?','You want to XXX ?'),
(25,'YOU_WANT_TO_XXX_THE_SELECTED_ITEMS','ທ່ານຕ້ອງການ XXX ລາຍການທີ່ເລືອກ?','XXX ပစ္စည်းများကိုသင်ရွေးချင်ပါသလား။','text','index',1,'คุณต้องการ XXX รายการที่เลือก ?','You want to XXX the selected items ?'),
(26,'BANKS','a:8:{s:3:\"scb\";s:48:\"ธนาคารไทยพาณิชย์\";s:5:\"kbank\";s:42:\"ธนาคารกสิกรไทย\";s:3:\"ktb\";s:39:\"ธนาคารกรุงไทย\";s:3:\"bbl\";s:39:\"ธนาคารกรุงเทพ\";s:3:\"bay\";s:39:\"ธนาคารกรุงศรี\";s:5:\"nbank\";s:33:\"ธนาคารธนชาต\";s:3:\"tmb\";s:39:\"ธนาคารทหารไทย\";s:3:\"gsb\";s:39:\"ธนาคารทหารไทย\";}','a:8:{s:3:\"scb\";s:48:\"ธนาคารไทยพาณิชย์\";s:5:\"kbank\";s:42:\"ธนาคารกสิกรไทย\";s:3:\"ktb\";s:39:\"ธนาคารกรุงไทย\";s:3:\"bbl\";s:39:\"ธนาคารกรุงเทพ\";s:3:\"bay\";s:39:\"ธนาคารกรุงศรี\";s:5:\"nbank\";s:33:\"ธนาคารธนชาต\";s:3:\"tmb\";s:39:\"ธนาคารทหารไทย\";s:3:\"gsb\";s:39:\"ธนาคารทหารไทย\";}','array','index',0,'a:8:{s:3:\"scb\";s:48:\"ธนาคารไทยพาณิชย์\";s:5:\"kbank\";s:42:\"ธนาคารกสิกรไทย\";s:3:\"ktb\";s:39:\"ธนาคารกรุงไทย\";s:3:\"bbl\";s:39:\"ธนาคารกรุงเทพ\";s:3:\"bay\";s:39:\"ธนาคารกรุงศรี\";s:5:\"nbank\";s:33:\"ธนาคารธนชาต\";s:3:\"tmb\";s:39:\"ธนาคารทหารไทย\";s:3:\"gsb\";s:39:\"ธนาคารทหารไทย\";}','a:8:{s:3:\"scb\";s:48:\"ธนาคารไทยพาณิชย์\";s:5:\"kbank\";s:42:\"ธนาคารกสิกรไทย\";s:3:\"ktb\";s:39:\"ธนาคารกรุงไทย\";s:3:\"bbl\";s:39:\"ธนาคารกรุงเทพ\";s:3:\"bay\";s:39:\"ธนาคารกรุงศรี\";s:5:\"nbank\";s:33:\"ธนาคารธนชาต\";s:3:\"tmb\";s:39:\"ธนาคารทหารไทย\";s:3:\"gsb\";s:39:\"ธนาคารทหารไทย\";}'),
(27,'BOOLEANS','a:2:{i:0;s:27:\"ປິດໃຊ້ວຽກ\";i:1;s:30:\"ເປີດໃຊ້ວຽກ\";}','a:2:{i:0;s:12:\"ပိတ်\";i:1;s:18:\"လုပ်ပါ\";}','array','index',0,'a:2:{i:0;s:27:\"ปิดใช้งาน\";i:1;s:30:\"เปิดใช้งาน\";}','a:2:{i:0;s:7:\"Disable\";i:1;s:7:\"Enabled\";}'),
(28,'COUNT_STOCK','a:3:{i:0;s:39:\"ບໍ່ນັບຫຼັກຊັບ\";i:1;s:30:\"ນັບຫຸ້ນລວມ\";i:2;s:151:\"ນັບຫຸ້ນແຍກຕ່າງຫາກ (ເຊັ່ນ: ຜະລິດຕະພັນທີ່ມີ ຈຳ ນວນຕົວເລກ)\";}','a:3:{i:0;s:54:\"စတော့ရှယ်ယာရေတွက်မ\";i:1;s:87:\"စုစုပေါင်းစတော့ရှယ်ယာအရေအတွက်\";i:2;s:156:\"သီးခြားစာရင်းအရေအတွက် (ဥပမာနံပါတ်နှင့်အတူထုတ်ကုန်များ)\";}','array','index',0,'a:3:{i:0;s:33:\"ไม่นับสต๊อก\";i:1;s:33:\"นับสต๊อกรวม\";i:2;s:126:\"นับสต๊อกแยก (เช่นสินค้าที่มีซีเรียลนัมเบอร์)\";}','a:3:{i:0;s:18:\"Not counting stock\";i:1;s:17:\"Total stock count\";i:2;s:59:\"Separate inventory count (e.g. products with serial number)\";}'),
(29,'CURRENCY_UNITS','a:4:{s:3:\"THB\";s:9:\"ບາດ\";s:3:\"USD\";s:12:\"ໂດລາ\";s:3:\"LAK\";s:9:\"ກີບ\";s:3:\"MMK\";s:5:\"Kyart\";}','a:4:{s:3:\"THB\";s:9:\"ဘတ်\";s:3:\"USD\";s:18:\"ဒေါ်လာ\";s:3:\"LAK\";s:3:\"Kip\";s:3:\"MMK\";s:3:\"Kip\";}','array','index',0,'a:4:{s:3:\"THB\";s:9:\"บาท\";s:3:\"USD\";s:24:\"ดอลล่าร์\";s:3:\"LAK\";s:9:\"กีบ\";s:3:\"MMK\";s:12:\"จ๊าด\";}','a:4:{s:3:\"THB\";s:4:\"Baht\";s:3:\"USD\";s:6:\"Dollar\";s:3:\"LAK\";s:3:\"Kip\";s:3:\"MMK\";s:5:\"Kyart\";}'),
(30,'DATE_FORMAT','d M Y ເວລາ H:i ນ.','d M Y အချိန် H:i N.','text','index',0,'d M Y เวลา H:i น.','d M Y, H:i'),
(31,'DATE_LONG','a:7:{i:0;s:15:\"ອາທິດ\";i:1;s:9:\"ຈັນ\";i:2;s:18:\"ອັງຄານ\";i:3;s:9:\"ພຸດ\";i:4;s:15:\"ພະຫັດ\";i:5;s:9:\"ສຸກ\";i:6;s:12:\"ເສົາ\";}','a:7:{i:0;s:36:\"တနင်္ဂနွေနေ့\";i:1;s:30:\"တနင်္လာနေ့\";i:2;s:27:\"အင်္ဂါနေ့\";i:3;s:33:\"ဗုဒ္ဓဟူးနေ့\";i:4;s:33:\"ကြာသပတေးနေ့\";i:5;s:27:\"သောကြာနေ့\";i:6;s:18:\"စနေနေ့\";}','array','index',0,'a:7:{i:0;s:21:\"อาทิตย์\";i:1;s:18:\"จันทร์\";i:2;s:18:\"อังคาร\";i:3;s:9:\"พุธ\";i:4;s:24:\"พฤหัสบดี\";i:5;s:15:\"ศุกร์\";i:6;s:15:\"เสาร์\";}','a:7:{i:0;s:6:\"Sunday\";i:1;s:6:\"Monday\";i:2;s:7:\"Tuesday\";i:3;s:9:\"Wednesday\";i:4;s:8:\"Thursday\";i:5;s:6:\"Friday\";i:6;s:8:\"Saturday\";}'),
(32,'DATE_SHORT','a:7:{i:0;s:4:\"ທ.\";i:1;s:4:\"ຈ.\";i:2;s:4:\"ຄ.\";i:3;s:4:\"ພ.\";i:4;s:4:\"ພ.\";i:5;s:4:\"ສ.\";i:6;s:4:\"ສ.\";}','a:7:{i:0;s:4:\"SUN.\";i:1;s:4:\"MON.\";i:2;s:4:\"TUE.\";i:3;s:4:\"WED.\";i:4;s:4:\"THU.\";i:5;s:4:\"FRI.\";i:6;s:4:\"SAT.\";}','array','index',0,'a:7:{i:0;s:7:\"อา.\";i:1;s:4:\"จ.\";i:2;s:4:\"อ.\";i:3;s:4:\"พ.\";i:4;s:7:\"พฤ.\";i:5;s:4:\"ศ.\";i:6;s:4:\"ส.\";}','a:7:{i:0;s:2:\"Su\";i:1;s:2:\"Mo\";i:2;s:2:\"Tu\";i:3;s:2:\"We\";i:4;s:2:\"Th\";i:5;s:2:\"Fr\";i:6;s:2:\"Sa\";}'),
(33,'INVENTORY_CATEGORIES','a:1:{s:11:\"category_id\";s:9:\"ໝວດ\";}','a:1:{s:11:\"category_id\";s:30:\"အမျိုးအစား\";}','array','index',0,'a:1:{s:11:\"category_id\";s:24:\"หมวดหมู่\";}','a:1:{s:11:\"category_id\";s:8:\"Category\";}'),
(34,'INVENTORY_METAS','a:2:{s:11:\"description\";s:27:\"ຄຳອະທິບາຍ\";s:6:\"detail\";s:27:\"ລາຍະລະອຽດ\";}','a:2:{s:11:\"description\";s:30:\"ဖော်ပြချက်\";s:6:\"detail\";s:24:\"အသေးစိတ်\";}','array','index',0,'a:2:{s:11:\"description\";s:24:\"คำอธิบาย\";s:6:\"detail\";s:30:\"รายละเอียด\";}','a:2:{s:11:\"description\";s:11:\"Description\";s:6:\"detail\";s:6:\"Detail\";}'),
(35,'INVENTORY_STATUS','a:3:{s:2:\"IN\";s:9:\"ຮັບ\";s:3:\"OUT\";s:9:\"ຂາຍ\";s:3:\"RET\";s:9:\"ຄົນ\";}','a:3:{s:2:\"IN\";s:36:\"လက်ခံရရှိသည်\";s:3:\"OUT\";s:42:\"ရောင်းချခဲ့သည်\";s:3:\"RET\";s:18:\"ပြန်လာ\";}','array','index',0,'a:3:{s:2:\"IN\";s:21:\"รับเข้า\";s:3:\"OUT\";s:18:\"ขายออก\";s:3:\"RET\";s:9:\"คืน\";}','a:3:{s:2:\"IN\";s:7:\"Receive\";s:3:\"OUT\";s:4:\"Sold\";s:3:\"RET\";s:8:\"Returned\";}'),
(36,'LOGIN_FIELDS','a:2:{s:8:\"username\";s:15:\"ອີເມວ\";s:5:\"phone\";s:30:\"ເບີໂທລະສັບ\";}','a:2:{s:8:\"username\";s:24:\"အီးမေးလ်\";s:5:\"phone\";s:15:\"ဖုန်း\";}','array','index',0,'a:2:{s:8:\"username\";s:15:\"อีเมล\";s:5:\"phone\";s:39:\"เบอร์โทรศัพท์\";}','a:2:{s:8:\"username\";s:5:\"Email\";s:5:\"phone\";s:5:\"Phone\";}'),
(37,'MAIL_PROGRAMS','a:3:{i:0;s:46:\"ສົ່ງຈົດໝາຍດ້ວຍ PHP\";i:1;s:75:\"ສົ່ງຈົດໝາຍດ້ວຍ PHPMailer+SMTP (ແນະນຳ)\";i:2;s:61:\"ສົ່ງຈົດໝາຍດ້ວຍ PHPMailer+PHP Mail\";}','a:2:{i:0;s:46:\"အီးမေးလ်ပို့ပါ PHP\";i:1;s:91:\"အီးမေးလ်ပို့ပါ PHPMailer (အကြံပြုပါသည်)\";}','array','index',0,'a:3:{i:0;s:43:\"ส่งจดหมายด้วย PHP\";i:1;s:72:\"ส่งจดหมายด้วย PHPMailer+SMTP (แนะนำ)\";i:2;s:58:\"ส่งจดหมายด้วย PHPMailer+PHP Mail\";}','a:3:{i:0;s:13:\"Send with PHP\";i:1;s:38:\"Send with PHPMailer+SMTP (recommended)\";i:2;s:28:\"Send with PHPMailer+PHP Mail\";}'),
(38,'MONTH_LONG','a:12:{i:1;s:18:\"ມັງກອນ\";i:2;s:15:\"ກຸມພາ\";i:3;s:12:\"ມີນາ\";i:4;s:12:\"ເມສາ\";i:5;s:21:\"ພຶດສະພາ\";i:6;s:18:\"ມິຖຸນາ\";i:7;s:21:\"ກໍລະກົດ\";i:8;s:15:\"ສິງຫາ\";i:9;s:15:\"ກັນຍາ\";i:10;s:12:\"ຕຸລາ\";i:11;s:15:\"ພະຈິກ\";i:12;s:15:\"ທັນວາ\";}','a:12:{i:1;s:27:\"ဇန်နဝါရီလ\";i:2;s:33:\"ဖေဖော်ဝါရီလ\";i:3;s:12:\"မတ်လ\";i:4;s:12:\"ပြီလ\";i:5;s:9:\"မေလ\";i:6;s:12:\"ဇွန်\";i:7;s:24:\"ဇူလိုင်လ\";i:8;s:21:\"သြဂုတ်လ\";i:9;s:24:\"စက်တင်ဘာ\";i:10;s:30:\"အောက်တိုဘာ\";i:11;s:24:\"နိုဝင်ဘာ\";i:12;s:21:\"ဒီဇင်ဘာ\";}','array','index',0,'a:12:{i:1;s:18:\"มกราคม\";i:2;s:30:\"กุมภาพันธ์\";i:3;s:18:\"มีนาคม\";i:4;s:18:\"เมษายน\";i:5;s:21:\"พฤษภาคม\";i:6;s:24:\"มิถุนายน\";i:7;s:21:\"กรกฎาคม\";i:8;s:21:\"สิงหาคม\";i:9;s:21:\"กันยายน\";i:10;s:18:\"ตุลาคม\";i:11;s:27:\"พฤศจิกายน\";i:12;s:21:\"ธันวาคม\";}','a:12:{i:1;s:7:\"January\";i:2;s:8:\"February\";i:3;s:5:\"March\";i:4;s:5:\"April\";i:5;s:3:\"May\";i:6;s:4:\"June\";i:7;s:4:\"July\";i:8;s:6:\"August\";i:9;s:9:\"September\";i:10;s:7:\"October\";i:11;s:8:\"November\";i:12;s:8:\"December\";}'),
(39,'MONTH_SHORT','a:12:{i:1;s:8:\"ມ.ກ.\";i:2;s:8:\"ກ.ພ.\";i:3;s:11:\"ມີ.ນ.\";i:4;s:11:\"ເມ.ສ.\";i:5;s:8:\"ພ.ພ.\";i:6;s:11:\"ມິ.ນ.\";i:7;s:8:\"ກ.ກ.\";i:8;s:8:\"ສ.ຫ.\";i:9;s:8:\"ກ.ຍ.\";i:10;s:8:\"ຕ.ລ.\";i:11;s:8:\"ພ.ຈ.\";i:12;s:8:\"ທ.ວ.\";}','a:12:{i:1;s:4:\"JAN.\";i:2;s:4:\"FEB.\";i:3;s:4:\"MAR.\";i:4;s:4:\"APR.\";i:5;s:4:\"MAY.\";i:6;s:4:\"JUN.\";i:7;s:4:\"JUL.\";i:8;s:4:\"AUG.\";i:9;s:5:\"SEPT.\";i:10;s:4:\"OCT.\";i:11;s:4:\"NOV.\";i:12;s:4:\"DEC.\";}','array','index',0,'a:12:{i:1;s:8:\"ม.ค.\";i:2;s:8:\"ก.พ.\";i:3;s:11:\"มี.ค.\";i:4;s:11:\"เม.ย.\";i:5;s:8:\"พ.ค.\";i:6;s:11:\"มิ.ย.\";i:7;s:8:\"ก.ค.\";i:8;s:8:\"ส.ค.\";i:9;s:8:\"ก.ย.\";i:10;s:8:\"ต.ค.\";i:11;s:8:\"พ.ย.\";i:12;s:8:\"ธ.ค.\";}','a:12:{i:1;s:3:\"Jan\";i:2;s:3:\"Feb\";i:3;s:3:\"Mar\";i:4;s:3:\"Apr\";i:5;s:3:\"May\";i:6;s:3:\"Jun\";i:7;s:3:\"Jul\";i:8;s:3:\"Aug\";i:9;s:3:\"Sep\";i:10;s:3:\"Oct\";i:11;s:3:\"Nov\";i:12;s:3:\"Dec\";}'),
(40,'Name','ຊື່ ນາມສະກຸນ','ပထမအမည်','text','index',0,'ชื่อ นามสกุล','Name Surname'),
(41,'ORDER_STATUS','a:5:{s:3:\"QUO\";s:18:\"ວົງຢືມ\";s:3:\"OUT\";s:27:\"ໃບຮັບເງິນ\";s:2:\"PO\";s:21:\"ສັ່ງຊື້\";s:3:\"RET\";s:15:\"ກັບມາ\";s:2:\"IN\";s:15:\"ໃບຮັບ\";}','a:5:{s:3:\"QUO\";s:27:\"ဈေးနှုန်း\";s:3:\"OUT\";s:45:\"လက်ခံဖြတ်ပိုင်း\";s:2:\"PO\";s:57:\"ဝယ်ယူရန်မှာကြားလွှာ\";s:3:\"RET\";s:18:\"ပြန်လာ\";s:2:\"IN\";s:15:\"ပြေစာ\";}','array','index',0,'a:5:{s:3:\"QUO\";s:30:\"ใบเสนอราคา\";s:3:\"OUT\";s:42:\"ใบเสร็จรับเงิน\";s:2:\"PO\";s:30:\"ใบสั่งซื้อ\";s:3:\"RET\";s:33:\"ใบคืนสินค้า\";s:2:\"IN\";s:33:\"ใบรับสินค้า\";}','a:5:{s:3:\"QUO\";s:9:\"Quotation\";s:3:\"OUT\";s:7:\"Receipt\";s:2:\"PO\";s:14:\"Purchase Order\";s:3:\"RET\";s:7:\"Returns\";s:2:\"IN\";s:19:\"Receiving inventory\";}'),
(42,'PERMISSIONS','a:1:{s:10:\"can_config\";s:60:\"ສາມາດຕັ້ງຄ່າລະບົບໄດ້\";}','a:1:{s:10:\"can_config\";s:66:\"စနစ်ကိုသတ်မှတ်နိုင်သည်\";}','array','index',0,'a:2:{s:10:\"can_config\";s:60:\"สามารถตั้งค่าระบบได้\";s:12:\"can_customer\";s:102:\"สามารถบริหารจัดการรายชื่อลูกค้าได้\";}','a:2:{s:10:\"can_config\";s:24:\"Can configure the system\";s:12:\"can_customer\";s:28:\"Can manage the customer list\";}'),
(43,'PUBLISHEDS','a:2:{i:0;s:45:\"ລະງັບການເຜີຍແຜ່\";i:1;s:21:\"ເຜີຍແຜ່\";}','a:2:{i:0;s:45:\"ရပ်ဆိုင်းထားသည်\";i:1;s:27:\"ထုတ်ဝေမှု\";}','array','index',0,'a:2:{i:0;s:45:\"ระงับการเผยแพร่\";i:1;s:21:\"เผยแพร่\";}','a:2:{i:0;s:11:\"Unpublished\";i:1;s:9:\"Published\";}'),
(44,'SEXES','a:2:{s:1:\"f\";s:9:\"ຍິງ\";s:1:\"m\";s:9:\"ຊາຍ\";}','a:2:{s:1:\"f\";s:30:\"အမျိုးသမီး\";s:1:\"m\";s:30:\"လူတစ်ယောက်\";}','array','index',0,'a:2:{s:1:\"f\";s:12:\"หญิง\";s:1:\"m\";s:9:\"ชาย\";}','a:2:{s:1:\"f\";s:6:\"Female\";s:1:\"m\";s:4:\"Male\";}'),
(45,'SMTPSECURIES','a:2:{s:0:\"\";s:66:\"ການເຊື່ອມຕໍ່ແບບປົກກະຕິ\";s:3:\"ssl\";s:66:\"ການເຊື່ອມຕໍ່ທີ່ປອດໄຟ (SSL)\";}','a:2:{s:0:\"\";s:51:\"ပုံမှန်ဆက်သွယ်မှု\";s:3:\"ssl\";s:66:\"လုံခြုံသောဆက်သွယ်မှု (SSL)\";}','array','index',0,'a:2:{s:0:\"\";s:57:\"การเชื่อมต่อแบบปกติ\";s:3:\"ssl\";s:72:\"การเชื่อมต่อที่ปลอดภัย (SSL)\";}','a:2:{s:0:\"\";s:10:\"Clear Text\";s:3:\"ssl\";s:38:\"Server using a secure connection (SSL)\";}'),
(46,'TAX_STATUS','a:3:{i:0;s:27:\"ບໍ່ມີພາສີ\";i:1;s:33:\"ການຫັກອາກອນ\";i:2;s:21:\"ພາສີລວມ\";}','a:3:{i:0;s:33:\"အခွန်မရှိပါ\";i:1;s:51:\"အခွန်နှုတ်ယူခြင်း\";i:2;s:39:\"အခွန်ပါ၀င်သည်\";}','array','index',0,'a:3:{i:0;s:27:\"ไม่มีภาษี\";i:1;s:21:\"แยกภาษี\";i:2;s:21:\"รวมภาษี\";}','a:3:{i:0;s:6:\"No Tax\";i:1;s:11:\"Exclude Tax\";i:2;s:11:\"Include Tax\";}'),
(47,'WH_TAX','a:7:{i:0;s:27:\"ບໍ່ມີພາສີ\";s:4:\"0.75\";s:5:\"0.75%\";i:1;s:4:\"1.0%\";i:2;s:4:\"2.0%\";i:3;s:4:\"3.0%\";i:5;s:4:\"5.0%\";i:10;s:5:\"10.0%\";}','a:7:{i:0;s:33:\"အခွန်မရှိပါ\";s:4:\"0.75\";s:5:\"0.75%\";i:1;s:4:\"1.0%\";i:2;s:4:\"2.0%\";i:3;s:4:\"3.0%\";i:5;s:4:\"5.0%\";i:10;s:5:\"10.0%\";}','array','index',0,'a:7:{i:0;s:27:\"ไม่มีภาษี\";s:4:\"0.75\";s:5:\"0.75%\";i:1;s:4:\"1.0%\";i:2;s:4:\"2.0%\";i:3;s:4:\"3.0%\";i:5;s:4:\"5.0%\";i:10;s:5:\"10.0%\";}','a:7:{i:0;s:6:\"No Tax\";s:4:\"0.75\";s:5:\"0.75%\";i:1;s:4:\"1.0%\";i:2;s:4:\"2.0%\";i:3;s:4:\"3.0%\";i:5;s:4:\"5.0%\";i:10;s:5:\"10.0%\";}'),
(48,'YEAR_OFFSET','0','543','int','index',0,'543','0'),
(49,'0.0.0.0 mean all IP addresses','0.0.0.0 ຫມາຍຄວາມວ່າອະນຸຍາດໃຫ້ທັງຫມົດ','0.0.0.0 အားလုံးခွင့်ပြုဆိုလိုသည်။','text','index',0,'0.0.0.0 หมายถึงอนุญาตทั้งหมด',NULL),
(50,'13-digit company registration number','ເລກທະບຽນວິສາຫະກິດ 13 ຕົວເລກ','ကုမ္ပဏီမှတ်ပုံတင်နံပါတ် 13 ဂဏန်း','text','index',0,'เลขทะเบียนนิติบุคคล 13 หลัก',NULL),
(51,'13-digit identification number','ເລກປະຈຳຕົວ 13 ຕົວເລກ','13 ဂဏန်းမှတ်ပုံတင်နံပါတ်','text','index',0,'หมายเลขประจำตัวประชาชน 13 หลัก',NULL),
(52,'Account name','ຊື່ບັນຊີ','အကောင့်နာမည်','text','index',0,'ชื่อบัญชี',NULL),
(53,'Account number','ເລກບັນຊີ','အကောင့်နံပါတ်','text','index',0,'เลขที่บัญชี',NULL),
(54,'Accounting','ລະບົບບັນຊີ','စာရင်းကိုင်စနစ်','text','index',0,'ระบบบัญชี',NULL),
(55,'Accounting settings','ການຕັ້ງຄ່າບັນຊີ','စာရင်းအင်းစနစ်ကို set up','text','index',0,'ตั้งค่าระบบบัญชี',NULL),
(56,'Add','ເພີ່ມ','တိုးမြှင့်ဖို့','text','index',0,'เพิ่ม',NULL),
(57,'Address','ທີ່ຢູ່','လိပ်စာ','text','index',0,'ที่อยู่',NULL),
(58,'Address details','ລາຍລະອຽດທີ່ຢູ່','လိပ်စာအသေးစိတ်','text','index',0,'รายละเอียดที่อยู่',NULL),
(59,'Adjusting entries','ປັບລາຍການ','စာရင်းကိုညှိပါ','text','index',0,'ปรับรายการ',NULL),
(60,'Administrator status It is of utmost importance to do everything','ສະຖານະຜູ້ເບິ່ງແຍງລະບົບມີຄວາມສຳຄັນສຸງທີ່ສຸດສາມາດເຮັດໄດ້ທຸກຢ່າງ','အုပ်ချုပ်ရေးမှူးအဆင့် အရာအားလုံးကိုလုပ်နိုင်စွမ်းသည်အလွန်အရေးကြီးသည်။','text','index',0,'สถานะผู้ดูแลระบบ มีความสำคัญสูงสุดสามารถทำได้ทุกอย่าง',NULL),
(61,'All :count entries, displayed :start to :end, page :page of :total pages','ທັງໝົດ :count ລາຍການ, ສະແດງ :start ເຖິງ :end, ໜ້າທີ່ :page ຈາກທັງໝົດ:total ໜ້າ','အားလုံး :count စာရင်းပြပါ :start ရန် :end, စာမျက်နှာ :page အားလုံးထံမှ :Total: မျက်နှာ','text','index',0,'ทั้งหมด :count รายการ, แสดง :start ถึง :end, หน้าที่ :page จากทั้งหมด :total หน้า',NULL),
(62,'all items','ທັງໝົດ','ပစ္စည်းအားလုံး','text','index',0,'ทั้งหมด',NULL),
(63,'Amount','ຈຳນວນເງິນ','ငွေပမာဏ','text','index',0,'จำนวนเงิน',NULL),
(64,'Annotation','ໝາຍເຫດ','မှတ်ချက်','text','index',0,'หมายเหตุ',NULL),
(65,'API settings','ຕັ້ງຄ່າ API','API ကို set up','text','index',0,'ตั้งค่า API',NULL),
(66,'Authentication require','ການກວດກາຄວາມຖືກຕ້ອງ','အတည်ပြုခြင်း','text','index',0,'การตรวจสอบความถูกต้อง',NULL),
(67,'Authorized','ສິດອຳນາດ','အာဏာပိုင်','text','index',0,'ผู้มีอำนาจ',NULL),
(68,'Authorized signatory receipt','ຊື່ແລະນາມສະກຸນຂອງຜູ້ທີ່ໄດ້ຮັບອະນຸຍາດລົງລາຍເຊັນ','ငွေလက်ခံဖြတ်ပိုင်းကိုလက်မှတ်ရေးထိုးရန်ခွင့်ပြုထားသောသူ၏အမည်နှင့်နာမည်','text','index',0,'ชื่อ นามสกุล ผู้มีอำนาจลงนามในใบเสร็จรับเงิน',NULL),
(69,'Background color','ສີພື້ນຫລັງ','နောက်ခံအရောင်','text','index',0,'สีพื้นหลัง',NULL),
(70,'Background image','ພາບພື້ນຫລັງ','နောက်ခံပုံ','text','index',0,'รูปภาพพื้นหลัง',NULL),
(71,'Bank','ທະນາຄານ','ဘဏ်','text','index',0,'ธนาคาร',NULL),
(72,'Barcode','ບາໂຄດ','ဘားကုဒ်','text','index',0,'บาร์โค้ด',NULL),
(73,'Beginning Inventory','ການເລີ່ມຕົ້ນດຸ່ນດ່ຽງ','လက်ကျန်ငွေ','text','index',0,'ยอดยกมา',NULL),
(74,'Billing No.','ເລກທີໃບຮັບເງິນ','ငွေလက်ခံဖြတ်ပိုင်းနံပါတ်','text','index',0,'เลขที่ใบเสร็จ',NULL),
(75,'Branch name','ຊື່ສາຂາ','ဘဏ်ခွဲအမည်','text','index',0,'ชื่อสาขา',NULL),
(76,'Browse file','ເລືອກໄຟລ໌','ဖိုင်ရွေးပါ','text','index',0,'เลือกไฟล์',NULL),
(77,'Browse image uploaded, type :type','ເລືອກຮູບພາບອັບໂຫຼດຊະນິດ :type','upload ပုံကိုရွေး။ :type ဟုရိုက်ပါ။','text','index',0,'เลือกรูปภาพอัปโหลดชนิด :type',NULL),
(78,'Browse image uploaded, type :type size :width*:height pixel','ເລືອກຮູບພາບອັບໂຫຼດຊະນິດ :type ຂະໜາດ :width*:height ຟິດເຊວล','တင်တင်အမျိုးအစားတစ်ခုကိုရွေးပါ :type အရွယ်အစား :width*:height Pixels','text','index',0,'เลือกรูปภาพอัปโหลด ชนิด :type ขนาด :width*:height พิกเซล',NULL),
(79,'Buy','ຊື້','ဝယ်ပါ','text','index',0,'ซื้อ',NULL),
(80,'Can make an order','ສາມາດສັ່ງຊື້ໄດ້','မှာယူနိုင်ပါတယ်','text','index',0,'สามารถทำรายการสั่งซื้อสินค้าได้',NULL),
(81,'Can manage the inventory','ສາມາດຄຸ້ມຄອງສາງ','စာရင်းစီမံခန့်ခွဲနိုင်ပါ','text','index',0,'สามารถบริหารจัดการคลังสินค้าได้',NULL),
(82,'Can not be performed this request. Because they do not find the information you need or you are not allowed','ບໍ່ສາມາດດຳເນີນການຕາມທີ່ຮ້ອງຂໍໄດ້ເນື່ອງຈາກບໍ່ພົບຂໍ້ມູນທີ່ຕ້ອງການ ຫຼື ທ່ານບໍ່ມີສິດ','ဒီတောင်းဆိုမှုကိုလုပ်ဆောင်လို့မရပါ ဘာဖြစ်လို့လဲဆိုတော့သူတို့ကသင်လိုအပ်တဲ့သတင်းအချက်အလက်ကိုမတွေ့ဘူး၊','text','index',0,'ไม่สามารถดำเนินการตามที่ร้องขอได้ เนื่องจากไม่พบข้อมูลที่ต้องการ หรือ คุณไม่มีสิทธิ์',NULL),
(83,'Can sell items','ສາມາດສ້າງລາຍການຂາຍໄດ້','အရောင်းစာရင်းလုပ်နိုင်စွမ်း','text','index',0,'สามารถทำรายการขายสินค้าได้',NULL),
(84,'Cash','ເງິນສົດ','ငွေသား','text','index',0,'เงินสด',NULL),
(85,'Category','ໝວດ','အမျိုးအစား','text','index',0,'หมวดหมู่',NULL),
(86,'Change language','ປ່ຽນພາສາ','ဘာသာစကားများပြောင်းပါ','text','index',0,'สลับภาษา',NULL),
(87,'Click to edit','ກົດເພື່ອແກ້ໄຂ','တည်းဖြတ်ရန်နှိပ်ပါ','text','index',0,'คลิกเพื่อแก้ไข',NULL),
(88,'Color','ສີ','အရောင်','text','index',0,'สี',NULL),
(89,'Comment','ຫມາຍ​ເຫດ​','မှတ်ချက်','text','index',0,'ความคิดเห็น',NULL),
(90,'Company','ບໍລິສັດ','ကုမ္ပဏီ','text','index',0,'บริษัท',NULL),
(91,'Company logo','ໂລໂກ້ຂອງບໍລິສັດ','ကုမ္ပဏီတံဆိပ်','text','index',0,'โลโกของบริษัท',NULL),
(92,'Company name','ຊື່ບໍລິສັດ','ကုမ္ပဏီအမည်','text','index',0,'ชื่อบริษัท',NULL),
(93,'Company profile','ຂໍ້ມູນບໍລິສັດ','ကုမ္ပဏီ၏ကိုယ်ရေးအကျဉ်း','text','index',0,'ข้อมูลบริษัท',NULL),
(94,'Contact name If the customer is an agency or company','ຊື່ຕິດຕໍ່ຖ້າລູກຄ້າແມ່ນອົງການຫລືບໍລິສັດ','ဆက်သွယ်ရန်အမည်ဖောက်သည်ကိုယ်စားလှယ်သို့မဟုတ်ကုမ္ပဏီဖြစ်ပါက','text','index',0,'ชื่อผู้ติดต่อหากลูกค้าเป็นหน่วยงานหรือบริษัท',NULL),
(95,'Contactor','ຜູ້ຕິດຕໍ່','ဆက်သွယ်ရန်ပုဂ္ဂိုလ်','text','index',0,'ผู้ติดต่อ',NULL),
(96,'Corporate information and contacts','ຂໍ້ມູນແລະການຕິດຕໍ່ຂອງບໍລິສັດ','ကော်ပိုရိတ်သတင်းအချက်အလက်နှင့်အဆက်အသွယ်','text','index',0,'ข้อมูลทั่วไปของบริษัทและการติดต่อ',NULL),
(97,'Cost','ຕົ້ນທຶນ','ကုန်ကျစရိတ်','text','index',0,'ต้นทุน',NULL),
(98,'Country','ປະເທດ','တိုင်းပြည်','text','index',0,'ประเทศ',NULL),
(99,'Create','ສ້າງ','တည်ဆောက်ပါ','text','index',0,'สร้าง',NULL),
(100,'Create new account','ສ້າງບັນຊີໃໝ່','အကောင့်အသစ်ဖန်တီးပါ','text','index',0,'สร้างบัญชีใหม่',NULL),
(101,'Created','ສ້າງເມື່ອ','တည်ဆောက်ခဲ့သည်','text','index',0,'สร้างเมื่อ',NULL),
(102,'Currency for goods and services','ເງິນຕາສຳລັບສິນຄ້າແລະການບໍລິການ','ကုန်ပစ္စည်းများနှင့်ဝန်ဆောင်မှုများအတွက်ငွေကြေး','text','index',0,'สกุลเงินสำหรับสินค้าและบริการ',NULL),
(103,'Currency unit','ເງິນຕາ','ငွေကြေး','text','index',0,'สกุลเงิน',NULL),
(104,'Current staff','ພະນັກງານໃນປະຈຸບັນ','လက်ရှိဝန်ထမ်း','text','index',0,'พนักงานปัจจุบัน',NULL),
(105,'Customer','ລູກຄ້າ','ဖောက်သည်','text','index',0,'ลูกค้า',NULL),
(106,'Customer list','ລາຍຊື່ລູກຄ້າ','ဖောက်သည်စာရင်း','text','index',0,'รายชื่อลูกค้า',NULL),
(107,'Cut stock','ຕັດຫຸ້ນ','စတော့ရှယ်ယာဖြတ်ယူ','text','index',0,'การตัดสต๊อก',NULL),
(108,'Dashboard','ແຜງຄວບຄຸມ','ဒိုင်ခွက်','text','index',0,'แผงควบคุมหลัก',NULL),
(109,'date','ວັນທີ','ရက်စွဲ','text','index',0,'วันที่',NULL),
(110,'days','ມື້','နေ့','text','index',0,'วัน',NULL),
(111,'Delete','ລືບ','ဖျက်ပစ်ရန်','text','index',0,'ลบ',NULL),
(112,'Demo Mode','ຕົວຢ່າງ','နမူနာမုဒ်','text','index',0,'โหมดตัวอย่าง',NULL),
(113,'Description','ຄຳອະທິບາຍ','ဖော်ပြချက်','text','index',0,'คำอธิบาย',NULL),
(114,'Detail','ລາຍະລະອຽດ','အသေးစိတ်','text','index',0,'รายละเอียด',NULL),
(115,'Details of','ລາຍລະອຽດຂອງ','အသေးစိတ်','text','index',0,'รายละเอียดของ',NULL),
(116,'Discount','ສ່ວນຫຼຸດ','အထူးလျှော့စျေး','text','index',0,'ส่วนลด',NULL),
(117,'Download','ດາວໂຫຼດ','ဒေါင်းလုပ်','text','index',0,'ดาวน์โหลด',NULL),
(118,'Due date','ວັນທີກຳນົດ','နေ့စွဲ','text','index',0,'วันที่ครบกำหนด',NULL),
(119,'Edit','ແກ້ໄຂ','တည်းဖြတ်ပါ','text','index',0,'แก้ไข',NULL),
(120,'Editing your account','ແກ້ໄຂຂໍ້ມູນສ່ວນຕົວສະມາຊິກ','သင့်အကောင့်ကိုတည်းဖြတ်ခြင်း','text','index',0,'แก้ไขข้อมูลส่วนตัว',NULL),
(121,'Email','ອີເມວ','အီးမေးလ်','text','index',0,'อีเมล',NULL),
(122,'Email address used for login or request a new password','ທີ່ຢູ່ອີເມວໃຊ້ສຳລັບການເຂົ້າລະບົບຫຼືການຂໍລະຫັດໃໝ່','ဝင်ရောက်ရန်အတွက်အသုံးပြုသောအီးမေးလ်လိပ်စာသို့မဟုတ်စကားဝှက်အသစ်တောင်းရန်','text','index',0,'ที่อยู่อีเมล ใช้สำหรับการเข้าระบบหรือการขอรหัสผ่านใหม่',NULL),
(123,'Email addresses for sender and do not reply such as no-reply@domain.tld','ທີ່ຢູ່ອີເມວໃຊ້ເປັນຜູ້ສົ່ງຈົດໝາຍ ສຳລັບຈົດໝາຍທີ່ບໍ່ຕ້ອງການຕອບກັບເຊັ່ນ no-reply@domain.tld','ပေးပို့သူအတွက်အီးမေးလ်လိပ်စာများ၊ no-reply@domain.tld','text','index',0,'ทีอยู่อีเมลใช้เป็นผู้ส่งจดหมาย สำหรับจดหมายที่ไม่ต้องการตอบกลับ เช่น no-reply@domain.tld',NULL),
(124,'Email encoding','ລະຫັດພາສາຂອງຈົດໝາຍ','အီးမေးလ်ကုဒ်','text','index',0,'รหัสภาษาของจดหมาย',NULL),
(125,'Email settings','ຕັ້ງຄ່າອີເມວ','အီးမေးလ်ချိန်ညှိချက်များ','text','index',0,'ตั้งค่าอีเมล',NULL),
(126,'Emailing','ສົ່ງອີເມວ','အီးမေးလ်ပို့ခြင်း','text','index',0,'การส่งอีเมล์',NULL),
(127,'Enable SSL encryption for sending email','ເປີດໃຊ້ການເຂົ້າລະຫັດ SSL ສຳລັບການສົ່ງອີເມວ','အီးမေးလ်ပို့ခြင်းအတွက် SSL စာဝှက်စနစ်ကိုဖွင့်ပါ','text','index',0,'เปิดใช้งานการเข้ารหัส SSL สำหรับการส่งอีเมล',NULL),
(128,'Enter the email address registered. A new password will be sent to this email address.','ເພີ່ມທີ່ຢູ່ອີເມວທີ່ລົງທະບຽນໄວ້ ລະບົບຈະສົ່ງລະຫັດຜ່ານໃໝ່ໄປຍັງທີ່ຢູ່ອີເມວນີ້','မှတ်ပုံတင်ထားသောအီးမေးလ်လိပ်စာထည့်ပါ။ လျှို့ဝှက်နံပါတ်အသစ်ကိုဒီအီးမေးလ်လိပ်စာသို့ပို့လိမ့်မည်','text','index',0,'กรอกที่อยู่อีเมลที่ลงทะเบียนไว้ ระบบจะส่งรหัสผ่านใหม่ไปยังที่อยู่อีเมลนี้',NULL),
(129,'Enter your password again','ໃສ່ລະຫັດຜ່ານອີກຄັ້ງ','သင်၏စကားဝှက်ကိုထပ်ရိုက်ပါ','text','index',0,'ใส่รหัสผ่านอีกครั้ง',NULL),
(130,'entries','ລາຍການ','စာရင်း','text','index',0,'รายการ',NULL),
(131,'Expiration date','ວັນໝົດອາຍຸ','သက်တမ်းကုန်ဆုံးရက်','text','index',0,'วันหมดอายุ',NULL),
(132,'Fax','ແຟັກ','ဖက်စ်','text','index',0,'โทรสาร',NULL),
(133,'File','ແຟ້ມ','ဖိုင်','text','index',0,'ไฟล์',NULL),
(134,'File Name','ຊື່ແຟ້ມຂໍ້ມູນ','ဖိုင်နာမည်','text','index',0,'ชื่อไฟล์',NULL),
(135,'File not found','ບໍ່ພົບແຟ້ມທີ່ຕ້ອງການ','ဖိုင်ရှာမတွေ့ပါ','text','index',0,'ไม่พบไฟล์ที่ต้องการ',NULL),
(136,'File size is less than :size','ຂະໜາດຂອງແຟ້ມບໍ່ເກີນ:size','ဖိုင်အရွယ်အစားသည်အရွယ်အစားထက်သေးငယ်သည်','text','index',0,'ขนาดของไฟล์ไม่เกิน :size',NULL),
(137,'Fill some of the :name to find','ໃສ່ບາງສ່ວນຂອງ :name ເພື່ອຄົ້ນຫາ','ရှာဖွေရန် :name ၏တစ်စိတ်တစ်ပိုင်းကိုရိုက်ထည့်ပါ','text','index',0,'กรอกบางส่วนของ :name เพื่อค้นหา',NULL),
(138,'Finance','ການເງິນ','ဘဏ္ာရေး','text','index',0,'การเงิน',NULL),
(139,'Forgot','ລືມລະຫັດຜ່ານ','မေ့သွားတယ်','text','index',0,'ลืมรหัสผ่าน',NULL),
(140,'From','ຈາກ','မှ','text','index',0,'จาก',NULL),
(141,'General','ທົ່ວໄປ','အထွေထွေ','text','index',0,'ทั่วไป',NULL),
(142,'General site settings','ຕັ້ງຄ່າພື້ນຖານຂອງເວັບໄຊ','ဝဘ်ဆိုက်အခြေခံဆက်တင်များ','text','index',0,'ตั้งค่าพื้นฐานของเว็บไซต์',NULL),
(143,'Get into stock','ເຂົ້າໄປໃນຫຸ້ນ','စတော့ရှယ်ယာသို့ရယူပါ','text','index',0,'รับเข้าสต๊อก',NULL),
(144,'Get new password','ຂໍລະຫັດຜ່ານ','စကားဝှက်အသစ်ရယူပါ','text','index',0,'ขอรหัสผ่าน',NULL),
(145,'go to page','ໄປທີ່ໜ້າ','စာမျက်နှာသို့သွားပါ','text','index',0,'ไปหน้าที่',NULL),
(146,'Grand total','ລວມ​ທັງ​ຫມົດ','စုစုပေါင်း','text','index',0,'รวมราคาทั้งสิ้น',NULL),
(147,'Height','ສູງ','အမြင့်','text','index',0,'สูง',NULL),
(148,'Home','ໜ້າຫຼັກ','ပင်မစာမျက်နှာ','text','index',0,'หน้าหลัก',NULL),
(149,'How to define user authentication for mail servers. If you enable it, you must configure below correctly.','ກຳນົດວິທີການກວດສອບຜູ້ໃຊ້ສຳລັບເມນເຊິບເວີຫາກທ່ານເປີດໃຊ້ການທ່ານຕ້ອງກຳນົດຄ່າຕ່າງໆດ້ານລຸ່ມຖືກຕ້ອງ','မေးလ်ဆာဗာများအတွက်အသုံးပြုသူစစ်မှန်ကြောင်းအတည်ပြုရန်ကိုဘယ်လို။ အကယ်၍ သင်ဖွင့်လျှင်၊','text','index',0,'กำหนดวิธีการตรวจสอบผู้ใช้สำหรับเมล์เซิร์ฟเวอร์ หากคุณเปิดใช้งานคุณต้องกำหนดค่าต่างๆด้านล่างถูกต้อง',NULL),
(150,'Identification No.','ເລກບັດປະຈຳຕົວ','မှတ်ပုံတင်နံပါတ်','text','index',0,'เลขประชาชน',NULL),
(151,'If you are a corporate enter your 13-digit Tax identification number or if you are a person enter your 13-digit Personal identification number','ຖ້າບຸກຄົນນິຕິບຸກຄົນ, ໃສ່ເລກປະ ຈຳຕົວຜູ້ເສຍພາສີ 13 ຕົວເລກຫຼືຖ້າບຸກຄົນທຳມະດາ, ໃສ່ເລກປະຈຳຕົວ 13 ຕົວເລກ','အကယ်၍ ဥပဒေပညာရှင်တစ် ဦး ဖြစ်ပါက ၁၃ ဂဏန်းအခွန်ထမ်းသူနံပါတ်ကိုထည့်ပါ၊','text','index',0,'หากเป็นนิติบุคคลให้กรอกเลขประจำตัวผู้เสียภาษี 13 หลัก หรือหากเป็นบุคคลธรรมดาให้กรอกเลขประจำตัวประชาชน 13 หลัก',NULL),
(152,'Image','ຮູບພາບ','ပုံ','text','index',0,'รูปภาพ',NULL),
(153,'Image size is in pixels','ຂະໜາດຂອງຮູບພາບເປັນພິກເຊວ','ပုံအရွယ်အစားသည် pixel ဖြစ်သည်','text','index',0,'ขนาดของรูปภาพเป็นพิกเซล',NULL),
(154,'Import','ນຳເຂົ້າ','သွင်းကုန်','text','index',0,'นำเข้า',NULL),
(155,'Installed modules','ໂມດູນທີ່ຕິດຕັ້ງ','တပ်ဆင်ထားသော module တွေ','text','index',0,'โมดูลที่ติดตั้งแล้ว',NULL),
(156,'Invalid :name',':name ບໍ່ຖືກຕ້ອງ',':မမှန်ကန်ပါ','text','index',0,':name ไม่ถูกต้อง',NULL),
(157,'Inventory','ສາງ','ဂိုဒေါင်','text','index',0,'คลังสินค้า',NULL),
(158,'Items','ລາຍການ','ပစ္စည်းများ','text','index',0,'รายการ',NULL),
(159,'Juristic Person','ນິຕິບຸກຄົນ','ဥပဒေပညာရှင်','text','index',0,'นิติบุคคล',NULL),
(160,'Key','ແປ້ນພີມ','သော့','text','index',0,'คีย์',NULL),
(161,'Language','ພາສາ','ဘာသာစကား','text','index',0,'ภาษา',NULL),
(162,'Last login','ເຂົ້າລະບົບລ້າສຸດ','နောက်ဆုံးဝင်ပါ','text','index',0,'เข้าระบบล่าสุด',NULL),
(163,'Leave empty for generate auto','ປ່ອຍໃຫ້ເປົ່າເພື່ອສ້າງແບບອັດຕະໂນມັດ','generate အော်တိုများအတွက်ဗလာချန်ထားပါ','text','index',0,'เว้นว่างไว้เพื่อสร้างโดยอัตโนมัติ',NULL),
(164,'Limit access to only one account per member. Members who have logged in before will be forced to log out.','ຈໍາກັດການເຂົ້າເຖິງບັນຊີຫນຶ່ງ ສະມາຊິກທີ່ເຂົ້າສູ່ລະບົບກ່ອນຈະຖືກບັງຄັບໃຫ້ອອກຈາກລະບົບ.','အကောင့်တစ်ခုအတွက် login ကန့်သတ်ပါ ယခင်က logged in ဝင်သောအသင်းဝင်များကိုထွက်ရန်အတင်းအကျပ်ခိုင်းစေလိမ့်မည်။','text','index',0,'จำกัดการเข้าระบบต่อหนึ่งบัญชี สมาชิกที่เข้าระบบอยู่ก่อนหน้าจะถูกบังคับให้ออกจากระบบ',NULL),
(165,'List of','ລາຍການ','စာရင်း','text','index',0,'รายการ',NULL),
(166,'List of IPs that allow connection 1 line per 1 IP','ລາຍຊື່ IP ທີ່ອະນຸຍາດໃຫ້ເຊື່ອມຕໍ່ 1 ເສັ້ນຕໍ່ 1 IP','ခွင့်ပြုထားသောအိုင်ပီလိပ်စာများစာရင်း၊ အိုင်ပီနှုန်း ၁ လိုင်းရှိသည်။','text','index',0,'รายการไอพีแอดเดรสทั้งหมดที่อนุญาต 1 บรรทัดต่อ 1 ไอพี',NULL),
(167,'Local time','ເວລາທ້ອງຖິ່ນ','ဒေသဆိုင်ရာအချိန်','text','index',0,'เวลาท้องถิ่น',NULL),
(168,'Login','ເຂົ້າສູ່ລະບົບ','လော့ဂ်အင်','text','index',0,'เข้าสู่ระบบ',NULL),
(169,'Login by','ເຂົ້າສູ່ລະບົບໂດຍ','ဖြင့်ဝင်မည်','text','index',0,'เข้าระบบโดย',NULL),
(170,'Login information','ຂໍ້ມູນການເຂົ້າລະບົບ','ဝင်မည်သတင်းအချက်အလက်','text','index',0,'ข้อมูลการเข้าระบบ',NULL),
(171,'Login per one account','ເຂົ້າສູ່ລະບົບຕໍ່ຫນຶ່ງບັນຊີ','အကောင့်တစ်ခုအတွက်ဝင်ပါ','text','index',0,'การเข้าระบบต่อหนึ่งบัญชี',NULL),
(172,'Login with an existing account','ເຂົ້າລະບົບດ້ວຍບັນຊີສະມາຊິກທີ່ມີຢູ່ແລ້ວ','ရှိပြီးသားအကောင့်တစ်ခုနှင့်ဝင်ပါ','text','index',0,'เข้าระบบด้วยบัญชีสมาชิกที่มีอยู่แล้ว',NULL),
(173,'Logo','ໂລໂກ','လိုဂို','text','index',0,'โลโก',NULL),
(174,'Logout','ອອກຈາກລະບົບ','ထွက်ပေါက်','text','index',0,'ออกจากระบบ',NULL),
(175,'Logout successful','ອອກຈາກລະບົບຮຽບຮ້ອຍ','အောင်မြင်စွာထွက်ပါ','text','index',0,'ออกจากระบบเรียบร้อย',NULL),
(176,'Mail program','ໂປຮແກຮມສົ່ງອີເມວ','အီးမေးလ်ပရိုဂရမ်','text','index',0,'โปรแกรมส่งอีเมล',NULL),
(177,'Mail server','ເຊີບເວີອີເມວ','မေးလ်ဆာဗာ','text','index',0,'เซิร์ฟเวอร์อีเมล',NULL),
(178,'Mail server port number (default is 25, for GMail used 465, 587 for DirectAdmin).','ໝາຍເລກພອດຂອງເມວເຊີບເວີ(ຄ່າປົກກະຕິຄື 25, ສຳລັບ gmail ໃຊ້ 465, 587 ສຳລັບ DirectAdmin)','မေးလ်ဆာဗာ၏ဆိပ်ကမ်းနံပါတ် (ပုံမှန်မှာ ၂၅ ဖြစ်သည် gmail များအတွက် 465, 587 ကိုသုံးပါ DirectAdmin)','text','index',0,'หมายเลขพอร์ตของเมล์เซิร์ฟเวอร์ (ค่าปกติคือ 25, สำหรับ gmail ใช้ 465, 587 สำหรับ DirectAdmin)',NULL),
(179,'Mail server settings','ຄ່າກຳນົດຂອງເມວເຊີບເວີ','မေးလ်ဆာဗာဆက်တင်များ','text','index',0,'ค่ากำหนดของเมล์เซิร์ฟเวอร์',NULL),
(180,'Manage languages','ຈັດການພາສາ','ဘာသာစကားများကိုစီမံပါ','text','index',0,'จัดการภาษา',NULL),
(181,'Member list','ລາຍຊື່ສະມາຊິກ','အသင်းဝင်စာရင်း','text','index',0,'รายชื่อสมาชิก',NULL),
(182,'Member status','ສະຖານະສະມາຊິກ','အသင်းဝင်အခြေအနေ','text','index',0,'สถานะสมาชิก',NULL),
(183,'Module','ໂມດູນ','အပိုင်း','text','index',0,'โมดูล',NULL),
(184,'Module settings','ຕັ້ງຄ່າໂມດູນ','တပ်ဆင်ပါ အပိုင်း','text','index',0,'ตั้งค่าโมดูล',NULL),
(185,'month','ເດືອນ','လ','text','index',0,'เดือน',NULL),
(186,'monthly','ລາຍເດືອນ','လစဉ်','text','index',0,'รายเดือน',NULL),
(187,'Name of establishment','ການສະຖາບັນການຄ້າ','တည်ထောင်သည့်အမည်','text','index',0,'ชื่อสถานประกอบการ',NULL),
(188,'Name of establishment registered VAT','ຊື່ຂອງການສ້າງຕັ້ງຂຶ້ນທະບຽນ VAT','VAT မှတ်ပုံတင်တည်ထောင်သည့်အမည်','text','index',0,'ชื่อสถานประกอบการที่จดทะเบียนภาษีมูลค่าเพิ่ม',NULL),
(189,'Name of the person or company&#039;s name','ຊື່ຂອງບຸກຄົນຫຼືຊື່ບໍລິສັດ','လူတစ် ဦး သို့မဟုတ်ကုမ္ပဏီအမည်','text','index',0,'ชื่อของบุคคลหรือชื่อบริษัท',NULL),
(190,'Natural Person','ບຸກຄົນ','သဘာဝပုဂ္ဂိုလ်','text','index',0,'บุคคลธรรมดา',NULL),
(191,'New','ໃໝ່','အသစ်','text','index',0,'ใหม่',NULL),
(192,'No need to fill in English text. If the English text matches the Key','ບໍ່ຈຳເປັນເພີ່ມຂໍ້ຄວາມໃນພາສາອັງກິດຫາກຂໍ້ຄວາມໃນພາສານອັງກົງກັບແປ້ນພີມ','အင်္ဂလိပ်စာသားဖြည့်ရန်မလိုအပ်ပါ။ အင်္ဂလိပ်စာသားသော့နှင့်ကိုက်ညီလျှင်','text','index',0,'ไม่จำเป็นต้องกรอกข้อความในภาษาอังกฤษ หากข้อความในภาษาอังกฤษตรงกับคีย์',NULL),
(193,'No need to fill in the purchase price if the product is not counting stock','ບໍ່ຈຳເປັນຕ້ອງຕື່ມລາຄາຊື້ຖ້າສິນຄ້າບໍ່ຢູ່ໃນສະຕັອກ','အကယ်၍ ကုန်ပစ္စည်းသည်ကုန်ပစ္စည်းမရှိလျှင်ဖြည့်ရန်မလိုပါ။','text','index',0,'ไม่จำเป็นต้องกรอกราคาซื้อหากสินค้าไม่นับสต๊อก',NULL),
(194,'not a registered user','ບໍ່ພົບສະມາຊິກນີ້ລົງທະບຽນໄວ້','အသင်း ၀ င်မရှိပါ','text','index',0,'ไม่พบสมาชิกนี้ลงทะเบียนไว้',NULL),
(195,'Not enough products, Remaining :stock','ຜະລິດຕະພັນບໍພຽງພໍ, ຍັງເຫຼືອ :stock','ကုန်ပစ္စည်းမလုံလောက်ပါ၊ ကျန် :stock','text','index',0,'มีสินค้าไม่เพียงพอ คงเหลือ :stock',NULL),
(196,'not required','ບໍ່ຕ້ອງການ','မလိုအပ်ပါ','text','index',0,'ไม่มีไม่ต้องกรอก',NULL),
(197,'number format such as %04d (%04d means the number on 4 digits, up to 11 digits)','ຮູບແບບລະຫັດຂອງຕົວເລກ, ເຊັ່ນວ່າ %04d (%04d ໝາຍ ຄວາມວ່າ 4 ຕົວເລກ, ສູງເຖິງ 11 ຕົວເລກ)','%04d ကဲ့သို့နံပါတ်ကုဒ်ပုံစံ (%04d သည်ဂဏန်း ၄ လုံး၊ ၁၁ လုံးအထိ)','text','index',0,'รูปแบบรหัสตัวเลข เช่น %04d (%04d หมายถึงตัวเลขจำนวนสี่หลัก, สูงสุดไม่เกิน 11 หลัก)',NULL),
(198,'Number of transactions','ໝາຍເລກການເຮັດທຸລະກຳ','ငွေသွင်းငွေထုတ်နံပါတ်','text','index',0,'เลขที่การทำรายการ',NULL),
(199,'Office name or Branch name eg head office','ຊື່ຫ້ອງການຫຼືສາຂາ, ເຊັ່ນ ສຳ ນັກງານໃຫຍ່','ရုံးချုပ် (သို့) ရုံးခွဲအမည်','text','index',0,'ชื่อสำนักงานหรือสาขา เช่น สำนักงานใหญ่',NULL),
(200,'Order','ລຳດັບ','အဆက်မပြတ်','text','index',0,'บัญชี',NULL),
(201,'Order details','ລາຍລະອຽດການສັ່ງຊື້','အော်ဒါအသေးစိတ်များ','text','index',0,'รายละเอียดการสั่งซื้อ',NULL),
(202,'Order No.','ຈໍານວນຄໍາສັ່ງ','အော်ဒါနံပါတ်','text','index',0,'เลขที่ใบสั่งซื้อ',NULL),
(203,'Order report','ລາຍງານການສັ່ງຊື້','အမိန့်အစီရင်ခံစာ','text','index',0,'รายงานการสั่งซื้อ',NULL),
(204,'Other','ອື່ນໆ','အခြား','text','index',0,'อื่นๆ',NULL),
(205,'Other details','ລາຍລະອຽດອື່ນໆ','အခြားအသေးစိတ်အချက်အလက်များ','text','index',0,'รายละเอียดอื่นๆ',NULL),
(206,'Overview','ພາບລວມ','ခြုံငုံသုံးသပ်ချက်','text','index',0,'ภาพรวม',NULL),
(207,'Password','ລະຫັດຜ່ານ','စကားဝှက်','text','index',0,'รหัสผ่าน',NULL),
(208,'Password of the mail server. (To change the fill.)','ລະຫັດຜ່ານຂອງເມວເຊີບເວີ (ຕ້ອງການປ່ຽນ ໃຫ້ເພີ່ມ)','မေးလ်ဆာဗာ၏စကားဝှက် (ပြောင်းလဲရန်ဖြည့်စွက်ရန်)','text','index',0,'รหัสผ่านของเมล์เซิร์ฟเวอร์ (ต้องการเปลี่ยน ให้กรอก)',NULL),
(209,'Passwords must be at least four characters','ລະຫັດຜ່ານຕ້ອງບໍ່ຕ່ຳກວ່າ 4 ຕົວອັກສອນ','စကားဝှက်သည်စာလုံး ၄ လုံးထက်မကြီးရပါ။','text','index',0,'รหัสผ่านต้องไม่น้อยกว่า 4 ตัวอักษร',NULL),
(210,'Past employees','ພະນັກງານທີ່ຜ່ານມາ','အတိတ်န်ထမ်း','text','index',0,'พนักงานในอดีต',NULL),
(211,'Payment Amount','ຈຳນວນການຈ່າຍເງິນ','ငွေပေးချေမှုပမာဏ','text','index',0,'ยอดชำระ',NULL),
(212,'Permission','ສິດໃນການໃຊ້ວຽກ','လိုင်စင်','text','index',0,'สิทธิ์การใช้งาน',NULL),
(213,'Person type','ປະເພດທຸລະກິດ','စီးပွားရေးအမျိုးအစား','text','index',0,'ประเภทของธุรกิจ',NULL),
(214,'Phone','ເບີໂທລະສັບ','ဖုန်း','text','index',0,'โทรศัพท์',NULL),
(215,'Pictures for a receipt','ຮູບທີ່ສະແດງຢູ່ໃນໃບຮັບເງິນ','ငွေလက်ခံဖြတ်ပိုင်းမှာပြထားတဲ့ပုံ','text','index',0,'รูปภาพแสดงในใบเสร็จรับเงิน',NULL),
(216,'Please fill in','ກະລຸນາຕື່ມຂໍ້ມູນໃສ່','ကျေးဇူးပြု၍ ဖြည့်ပါ','text','index',0,'กรุณากรอก',NULL),
(217,'Please select','ກະລຸນາເລືອກ','ကျေးဇူးပြု၍ ရွေးချယ်ပါ','text','index',0,'กรุณาเลือก',NULL),
(218,'Please select :name at least one item','ກະລຸນາເລືອກ :name ຢ່າງໜ້ອຍ 1 ລາຍການ','ကျေးဇူးပြုပြီးအနည်းဆုံး ၁ :name ရွေးပါ','text','index',0,'กรุณาเลือก :name อย่างน้อย 1 รายการ',NULL),
(219,'Port','ພອດ','ဆိပ်ကမ်း','text','index',0,'พอร์ต',NULL),
(220,'Prices','ລາຄາ','စျေးနှုန်း','text','index',0,'ราคา',NULL),
(221,'Product','ຜະລິດຕະພັນ','ထုတ်ကုန်','text','index',0,'สินค้า',NULL),
(222,'Product activity report','ລາຍງານການເຄື່ອນໄຫວຜະລິດຕະພັນ','ကုန်ပစ္စည်းလှုပ်ရှားမှုအစီရင်ခံစာ','text','index',0,'รายงานความเคลื่อนไหวสินค้า',NULL),
(223,'Product code','ລະຫັດຜະລິດຕະພັນ','ကုန်ပစ္စည်းကုဒ်','text','index',0,'รหัสสินค้า',NULL),
(224,'Product name','ຊື່ຜະລິດຕະພັນ','ကုန်ပစ္စည်းအမည်','text','index',0,'ชื่อสินค้า',NULL),
(225,'Profile','ຂໍ້ມູນສ່ວນຕົວ','ကိုယ်ရေးအကျဉ်း','text','index',0,'ข้อมูลส่วนตัว',NULL),
(226,'Province','ແຂວງ','ပြည်နယ်','text','index',0,'จังหวัด',NULL),
(227,'Purchase','ການຊື້','ဝယ်ယူ','text','index',0,'จัดซื้อ',NULL),
(228,'Purchase price','ລາຄາຊື້','၀ ယ်ယူသည့်စျေးနှုန်း','text','index',0,'ราคาซื้อ',NULL),
(229,'Quantity','ຈຳນວນ','အရေအတွက်','text','index',0,'จำนวน',NULL),
(230,'Register','ສະໝັກສະມາຊິກ','အသင်း ၀ င်ပါ','text','index',0,'สมัครสมาชิก',NULL),
(231,'Register successfully Please log in','ລົງທະບຽນຢ່າງສຳເລັດຜົນກະລຸນາເຂົ້າສູ່ລະບົບ','ကျေးဇူးပြုပြီးမှတ်ပုံတင်ပြီးပါ','text','index',0,'ลงทะเบียนเรียบร้อยแล้วกรุณาเข้าสู่ระบบ',NULL),
(232,'Register successfully, We have sent complete registration information to :email','ລົງທະບຽນສຳເລັດແລ້ວ ເຮົາໄດ້ສົ່ງຂໍ້ມູນການລົງທະບຽນໄປທີ່ :email','အောင်မြင်စွာမှတ်ပုံတင်ပါ၊ ကျွန်ုပ်တို့သည် :email သို့မှတ်ပုံတင်ခြင်းဆိုင်ရာအချက်အလက်အပြည့်အစုံကိုပေးပို့ပြီးပါပြီ','text','index',0,'ลงทะเบียนสมาชิกใหม่เรียบร้อย เราได้ส่งข้อมูลการลงทะเบียนไปยัง :email',NULL),
(233,'Remove','ລຶບ','ဖျက်ပစ်ရန်','text','index',0,'ลบ',NULL),
(234,'remove this photo','ເອົາຮູບນີ້ອອກ','ဒီပုံကိုဖျက်ပါ','text','index',0,'ลบรูปภาพนี้ออก',NULL),
(235,'Repassword','ຢືນຢັນລະຫັດຜ່ານ','စကားလုံး','text','index',0,'ยืนยันรหัสผ่าน',NULL),
(236,'Report','ບົດລາຍງານ','အစီရင်ခံစာ','text','index',0,'รายงาน',NULL),
(237,'resized automatically','ປັບຂະໜາດອັດຕະໂນມັດ','အလိုအလျောက်အရွယ်အစား','text','index',0,'ปรับขนาดอัตโนมัติ',NULL),
(238,'Sales','ການຂາຍ','အရောင်း','text','index',0,'งานขาย',NULL),
(239,'Sales items that can be cut stock','ລາຍການຂາຍທີ່ສາມາດຕັດຫຸ້ນໄດ້','စတော့ရှယ်ယာဖြတ်တောက်နိုင်သောအရောင်းပစ္စည်းများ','text','index',0,'รายการขายที่ตัดสต๊อก',NULL),
(240,'Sales report','ລາຍງານການຂາຍ','အရောင်းအစီရင်ခံစာ','text','index',0,'รายงานการขาย',NULL),
(241,'Sales today','ຂາຍມື້ນີ້','ဒီနေ့အရောင်း','text','index',0,'ยอดขายวันนี้',NULL),
(242,'Save','ບັນທຶກ','သိမ်းဆည်းပါ','text','index',0,'บันทึก',NULL),
(243,'Save and create new','ບັນທຶກແລະສ້າງໃໝ່','အသစ်သိမ်းဆည်းနှင့်ဖန်တီးပါ','text','index',0,'บันทึกแล้วสร้างใหม่',NULL),
(244,'Save and email completed','ບັນທຶກແລະສົ່ງອີເມວຮຽນຮ້ອຍ','အီးမေးလ်များကိုသိမ်းဆည်းပြီးပေးပို့ပြီးပါပြီ','text','index',0,'บันทึกและส่งอีเมลเรียบร้อย',NULL),
(245,'Saved successfully','ບັນທຶກຮຽບຮ້ອຍ','အောင်မြင်စွာသိမ်းဆည်းပြီး','text','index',0,'บันทึกเรียบร้อย',NULL),
(246,'scroll to top','ເລື່ອນຂື້ນດ້ານເທິງ','အပေါ်သို့တက်ပါ','text','index',0,'เลื่อนขึ้นด้านบน',NULL),
(247,'Search','ຄົ້ນຫາ','ရှာပါ','text','index',0,'ค้นหา',NULL),
(248,'Search <strong>:search</strong> found :count entries, displayed :start to :end, page :page of :total pages','ຄົ້ນຫາ <strong>:search</strong> ພົບ :count ລາຍການ ສະແດງລາຍການທີ່:start - :end ໜ້າທີ່:page ຈາກທັງໝົດ :total ໜ້າ','ရှာရန် <strong>:search</strong> :count စာမျက်နှာအားလုံးမှ :start - :end :page စာမျက်နှာများကို :total စာမျက်နှာများမှရှာသည်။','text','index',0,'ค้นหา <strong>:search</strong> พบ :count รายการ แสดงรายการที่ :start - :end หน้าที่ :page จากทั้งหมด :total หน้า',NULL),
(249,'Select an image size 500 * 500 pixel jpg, png types','ເລືອກຂະ ໜາດ ຮູບພາບ 500 * 500 ພິກະເຊນ, jpg ແລະ png ປະເພດ','ဓာတ်ပုံအရွယ်အစား 500 * 500 pixel jpg, png အမျိုးအစားများကိုရွေးချယ်ပါ','text','index',0,'เลือกรูปภาพ ขนาด 500 * 500 พิกเซล ชนิด jpg และ png',NULL),
(250,'Sell','ຂາຍ','ရောင်းမည်','text','index',0,'ขาย',NULL),
(251,'Selling price','ລາຄາຂາຍ','စျေးနှုန်းရောင်း','text','index',0,'ราคาขาย',NULL),
(252,'Send a welcome email to new members','ສົ່ງອີເມວຕ້ອນຮັບກັບສະມາຊິກໃຫມ່','အသင်းဝင်အသစ်များသို့ကြိုဆိုစာများပို့ပါ။','text','index',0,'ส่งข้อความต้อนรับสมาชิกใหม่',NULL),
(253,'Send notification messages When making a transaction','ສົ່ງຂໍ້ຄວາມແຈ້ງເຕືອນເມື່ອມີການເຮັດທຸລະກຳ','ငွေပေးငွေယူပြုလုပ်သည့်အခါသတိပေးစာကိုပို့ပါ','text','index',0,'ส่งข้อความแจ้งเตือนเมื่อมีการทำรายการ',NULL),
(254,'Server time','ເວລາຂອງເຊີບເວີ','ဆာဗာအချိန်','text','index',0,'เวลาเซิร์ฟเวอร์',NULL),
(255,'Service','ການບໍລິການ','ဝန်ဆောင်မှု','text','index',0,'บริการ',NULL),
(256,'Set the application for send an email','ເລືອກໂປຮແກຮມທີ່ໃຊ້ໃນການສົ່ງອີເມວ','အီးမေးလ်ပို့ရန်အသုံးပြုသောပရိုဂရမ်ကိုရွေးချယ်ပါ။','text','index',0,'เลือกโปรแกรมที่ใช้ในการส่งอีเมล',NULL),
(257,'Setting up the email system','ການຕັ້ງຄ່າກ່ຽວກັບລະບົບອີເມວ','အီးမေးလ်စနစ်နှင့်ပတ်သက်သောဆက်တင်များ','text','index',0,'การตั้งค่าเกี่ยวกับระบบอีเมล',NULL),
(258,'Settings','ຕັ້ງຄ່າ','တပ်ဆင်ပါ','text','index',0,'ตั้งค่า',NULL),
(259,'Settings the conditions for member login','ຕັ້ງເງື່ອນໄຂການກວດສອບການເຂົ້າລະບົບ','အသင်းဝင် login အတွက်အခြေအနေများကိုချိန်ညှိပါ','text','index',0,'ตั้งค่าเงื่อนไขในการตรวจสอบการเข้าสู่ระบบ',NULL),
(260,'Settings the timing of the server to match the local time','ຕັ້ງຄ່າເຂດເວລາຂອງເຊີບເວີ ໃຫ້ກົງກັບເວລາທ້ອງຖີ່ນ','ဆာဗာ၏အချိန်ဇုန်ကိုသတ်မှတ်ပါ။ ဒေသဆိုင်ရာအချိန်နှင့်ထပ်တူပြုပါ','text','index',0,'ตั้งค่าเขตเวลาของเซิร์ฟเวอร์ ให้ตรงกันกับเวลาท้องถิ่น',NULL),
(261,'Sex','ເພດ','လိင်','text','index',0,'เพศ',NULL),
(262,'Short description about your website','ຂໍ້ຄວາມສັ້ນໆ ອະທິບາຍວ່າເປັນເວັບໄຊກ່ຽວກັບຫຍັງ','ဝက်ဘ်ဆိုက်အကြောင်းဘာကိုရှင်းပြတဲ့တိုတောင်းတဲ့စာသား','text','index',0,'ข้อความสั้นๆอธิบายว่าเป็นเว็บไซต์เกี่ยวกับอะไร',NULL),
(263,'Show','ສະແດງ','ပြပါ','text','index',0,'แสดง',NULL),
(264,'show on receipt','ສະແດງໃສ່ໃບຮັບເງິນ','ငွေလက်ခံဖြတ်ပိုင်းတွင်ပြပါ','text','index',0,'แสดงในใบเสร็จ',NULL),
(265,'Site Name','ຊື່ຂອງເວັບໄຊ','ဝဘ်ဆိုက်နာမည်','text','index',0,'ชื่อของเว็บไซต์',NULL),
(266,'Site settings','ຕັ້ງຄ່າເວັບໄຊ','ဝဘ်ဆိုက်ဆက်တင်များ','text','index',0,'ตั้งค่าเว็บไซต์',NULL),
(267,'Size of','ຂະໜາດຂອງ','အရွယ်အစား','text','index',0,'ขนาดของ',NULL),
(268,'Size of the file upload','ຂະໜາດຂອງແຟ້ມອັບໂຫຼດ','ဖိုင်အရွယ်အစားကိုတင်ပါ','text','index',0,'ขนาดของไฟล์อัปโหลด',NULL),
(269,'skip to content','ຂ້າມໄປຍັງເນື້ອຫາ','အကြောင်းအရာသွားပါ','text','index',0,'ข้ามไปยังเนื้อหา',NULL),
(270,'Sorry','ຂໍໂທດ','တောင်းပန်ပါတယ်','text','index',0,'ขออภัย',NULL),
(271,'Sorry, cannot find a page called Please check the URL or try the call again.','ຂໍອະໄພ, ບໍ່ສາມາດຊອກຫາໜ້າທີ່ເອີ້ນວ່າກະລຸນາກວດສອບ URL ຫຼືລອງໂທອີກເທື່ອໜຶ່ງ','ကျေးဇူးပြု၍ ကျေးဇူးပြု၍ ခေါ်ဆိုသောစာမျက်နှာကိုရှာမရပါ ကျေးဇူးပြု၍ URL ကိုစစ်ဆေးပါသို့မဟုတ်ထပ်မံခေါ်ဆိုပါ။','text','index',0,'ขออภัย ไม่พบหน้าที่เรียก กรุณาตรวจสอบ URL หรือลองเรียกใหม่อีกครั้ง',NULL),
(272,'Sorry, Item not found It&#39;s may be deleted','ຂໍໂທດ ບໍ່ພົບລາຍການທີ່ເລືອກ ລາຍການນີ້ອາດຖືກລຶບໄປແລ້ວ','စိတ်မကောင်းပါ၊ ရွေးချယ်ထားသောပစ္စည်းကိုရှာမရပါ ဤပစ္စည်းအားဖျက်ပြီးပါက','text','index',0,'ขออภัย ไม่พบรายการที่เลือก รายการนี้อาจถูกลบไปแล้ว',NULL),
(273,'Specify the file extension that allows uploading. English lowercase letters and numbers 2-4 characters to separate each type with a comma (,) and without spaces. eg zip,rar,doc,docx','ລະບົບນາມສະກຸນຂອງແຟ້ມທີ່ສາມາດອັບໂຫຼດໄດ້ ພາສາອັງກິດຕົວພີມນ້ອຍແລະຕົວເລກສອງເຖິງສີ່ຕົວອັກສອນ ຄັ່ນແຕ່ລະລາຍການດ້ວຍເຄື່ອງໝາຍຈຸດ(,)','တင်ယူနိုင်သည့်ဖိုင် extension ကိုသတ်မှတ်ပါ။ အင်္ဂလိပ်စာလုံးအသေးများ၊ နံပါတ်များ၊ စာလုံးနှစ်လုံးမှလေးလုံးအထိ ပစ္စည်းတစ်ခုစီကိုကော်မာနှင့်သီးခြားခွဲပါ။ (,)','text','index',0,'ระบุนามสกุลของไฟล์ที่สามารถอัพโหลดได้ ภาษาอังกฤษตัวพิมพ์เล็กและตัวเลขสองถึงสี่ตัวอักษร คั่นแต่ละรายการด้วยลูกน้ำ (,)',NULL),
(274,'Specify the language code of the email, as utf-8','ລະບຸລະຫັດພາສາຂອງອີເມວທີ່ສົ່ງເຊັ່ນ utf-8','ထိုကဲ့သို့သောပို့အီးမေးလ်၏ဘာသာစကားကုဒ်သတ်မှတ်ပါ utf-8','text','index',0,'ระบุรหัสภาษาของอีเมลที่ส่ง เช่น utf-8',NULL),
(275,'Status','ສະຖານະ','အခြေအနေ','text','index',0,'สถานะ',NULL),
(276,'Status for general members','ສະຖານະສຳລັບສະມາຊິກທົ່ວໄປ','အထွေထွေအဖွဲ့ဝင်များအတွက်အခြေအနေ','text','index',0,'สถานะสำหรับสมาชิกทั่วไป',NULL),
(277,'Stock','ຫຸ້ນ','ကုန်ပစ္စည်း','text','index',0,'จำนวนสินค้า',NULL),
(278,'Style','ຮູບແບບ','ပုံစံ','text','index',0,'รูปแบบ',NULL),
(279,'successfully copied to clipboard','ສຳເນົາໄປຍັງຄິບບອດຮຽບຮ້ອຍແລ້ວ','အောင်မြင်စွာ clipboard သို့ကူးယူ','text','index',0,'สำเนาไปยังคลิปบอร์ดเรียบร้อยแล้ว',NULL),
(280,'Supplier','ຄູ່ຮ່ວມງານ','ပေးသွင်းသူ','text','index',0,'คู่ค้า',NULL),
(281,'Tax ID','ບັດປະຈຳຕົວພາສີ','အခွန် ID','text','index',0,'เลขประจำตัวผู้เสียภาษี',NULL),
(282,'Tax ID 13 digit','ເລກປະຈຳຕົວຜູ້ເສຍອາກອນ 13 ຕົວເລກ','13 ဂဏန်းအခွန်ထမ်းမှတ်ပုံတင်နံပါတ်','text','index',0,'เลขประจำตัวผู้เสียภาษีอากร 13 หลัก',NULL),
(283,'The contact email Used to send documents by email','ຕິດຕໍ່ທີ່ຢູ່ອີເມວ ໃຊ້ໃນການສົ່ງເອກະສານ','အီးမေးလ်လိပ်စာကိုဆက်သွယ်ပါ စာရွက်စာတမ်းများပို့ရန်အသုံးပြုသည်','text','index',0,'ที่อยู่อีเมลที่ติดต่อได้ ใช้ในการส่งเอกสาร',NULL),
(284,'The file size larger than the limit','ຂະຫນາດຂອງໄຟໃຫຍ່ກວ່າທີ່ກໍາຫນົດ','ဖိုင်အရွယ်အစားသည်သတ်မှတ်ထားသောအရွယ်ထက်ကြီးသည်။','text','index',0,'ขนาดของไฟล์ใหญ่กว่าที่กำหนด',NULL),
(285,'The members status of the site','ສະຖານະຂອງສະມາຂິກຂອງເວັບໄຊ','ဝဘ်ဆိုက်အဖွဲ့ဝင်အခြေအနေ','text','index',0,'สถานะของสมาชิกของเว็บไซต์',NULL),
(286,'The name of the mail server as localhost or smtp.gmail.com (To change the settings of your email is the default. To remove this box entirely.)','ຊື່ຂອງເມວເຊີບເວີເຊັ່ນ localhost หรือ chitdpt@gmail.com (ຕ້ອງປ່ຽນຄ່າກຳນົດຂອງອີເມວທັງໝົດເປັນຄ່າເລີ່ມຕົ້ນ ໃຫ້ລຶບຂໍ້ຄວາມໃນຊ່ອງນີ້ອອກທັງໝົດ)','မေးလ်ဆာဗာအမည် localhost หรือ smtp.gmail.com (အီးမေးလ်စိတ်ကြိုက်အားလုံးကိုပုံမှန်အဖြစ်ပြောင်းလိုသည်။ ဤအကွက်ရှိစာများအားလုံးကိုဖျက်ပါ။)','text','index',0,'ชื่อของเมล์เซิร์ฟเวอร์ เช่น localhost หรือ smtp.gmail.com (ต้องการเปลี่ยนค่ากำหนดของอีเมลทั้งหมดเป็นค่าเริ่มต้น ให้ลบข้อความในช่องนี้ออกทั้งหมด)',NULL),
(287,'The size of the files can be uploaded. (Should not exceed the value of the Server :upload_max_filesize.)','ຂະໜາດຂອງແຟ້ມທີ່ສາມາດອັບໂຫຼດໄດ້(ບໍ່ຄວນເກີນຄ່າກຳນົດຂອງເຊີບເວີ :upload_max_filesize)','အပ်လုဒ်လုပ်ထားသောဖိုင်၏အရွယ်အစား။ (ဆာဗာ၏ဖွဲ့စည်းမှုပုံစံကိုမကျော်လွန်သင့်ပါ:upload_max_filesize)','text','index',0,'ขนาดของไฟล์ที่สามารถอัพโหลดได้ (ไม่ควรเกินค่ากำหนดของเซิร์ฟเวอร์ :upload_max_filesize)',NULL),
(288,'The type of file is invalid','ຊະນິດຂອງແຟ້ມບໍ່ຮອງຮັບ','ဖိုင်အမျိုးအစားကိုမထောက်ပံ့ပါ','text','index',0,'ชนิดของไฟล์ไม่รองรับ',NULL),
(289,'This :name already exist','ມີ :name ນີ້ຢູ່ກ່ອນແລ້ວ','တစ်ခုရှိသည် :name ဒါပြီးပြီ','text','index',0,'มี :name นี้อยู่ก่อนแล้ว',NULL),
(290,'Time zone','ເຂດເວລາ','အချိန်ဇုန်','text','index',0,'เขตเวลา',NULL),
(291,'times','ຄັ້ງ','ကြိမ်','text','index',0,'ครั้ง',NULL),
(292,'To','ເຖິງ','ရန်','text','index',0,'ไปยัง',NULL),
(293,'To change your password, enter your password to match the two inputs','ຖ້າຕ້ອງການປ່ຽນລະຫັດຜ່ານກະລຸນາເພີ່ມລະຫັດຜ່ານສອງຊ່ອງໃຫ້ກົງກັນ','စကားဝှက်ကိုပြောင်းလဲလိုသောလျှင် ကျေးဇူးပြုပြီးကိုက်ညီမည့်လျှို့ဝှက်နံပါတ်နှစ်ခုကိုရိုက်ထည့်ပါ။','text','index',0,'ถ้าต้องการเปลี่ยนรหัสผ่าน กรุณากรอกรหัสผ่านสองช่องให้ตรงกัน',NULL),
(294,'Topic','ຫົວຂໍ້','ခေါင်းစဉ်','text','index',0,'หัวข้อ',NULL),
(295,'Total','ລວມ','စုစုပေါင်း','text','index',0,'รวม',NULL),
(296,'Total Before Tax','ລາຄາທັງໝົດກ່ອນເສຍອາກອນ','အခွန်မတိုင်မီစုစုပေါင်းစျေးနှုန်း','text','index',0,'ราคารวมก่อนภาษี',NULL),
(297,'Transaction date','ວັນທີ່ເຮັດລາຍະການ','ငွေသွင်းငွေထုတ်သည့်ရက်','text','index',0,'วันที่ทำรายการ',NULL),
(298,'Transaction details','ລາຍລະອຽດການເຮັດທຸລະ ກຳ','ငွေသွင်းငွေထုတ်အသေးစိတ်','text','index',0,'รายละเอียดการทำธุรกรรม',NULL),
(299,'Type','ປະເພດ','အမျိုးအစား','text','index',0,'ชนิด',NULL),
(300,'Type of file uploads','ຊະນິດຂອງແຟ້ມອັບໂຫຼດ','ဖိုင်တင်ပို့မှုအမျိုးအစား','text','index',0,'ชนิดของไฟล์อัปโหลด',NULL),
(301,'Unable to complete the transaction','ບໍ່ສາມາດເຮັດລາຍການນີ້ໄດ້','ငွေပေးငွေယူကိုအပြီးသတ်နိုင်ပါ','text','index',0,'ไม่สามารถทำรายการนี้ได้',NULL),
(302,'Unit','ໜ່ວຍ','ယူနစ်','text','index',0,'หน่วย',NULL),
(303,'Unit price','ລາ​ຄາ​ຕໍ່​ຫນ່ວຍ','တစ်ခုချင်းစျေးနှုန်း','text','index',0,'หน่วยละ',NULL),
(304,'Unlimited','ບໍ່ຈຳກັດ','ကန့်သတ်မထားဘူး','text','index',0,'ไม่จำกัด',NULL),
(305,'Upload','ອັບໂຫຼດ','တင်ပါ','text','index',0,'อัปโหลด',NULL),
(306,'Upload :type files no larger than :size','ອັບໂຫຼດແຟ້ມຂໍ້ມູນ :type ຂະໜາດບໍ່ເກີນ :size','ဖိုင်တင်ပါ :type အရွယ်အစားမကျော်ရ :size','text','index',0,'อัปโหลดไฟล์ :type ขนาดไม่เกิน :size',NULL),
(307,'User','ສະມາຊິກ','အသုံးပြုသူ','text','index',0,'สมาชิก',NULL),
(308,'Username','ຊື່ຜູ້ໃຊ້','အသုံးပြုသူအမည်','text','index',0,'ชื่อผู้ใช้',NULL),
(309,'Username for the mail server. (To change, enter a new value.)','ຊື່ຜູ້ໃຊ້ຂອງເມວເຊີບເວີ (ຕ້ອງການປ່ຽນ ໃຫ້ເພີ່ມ)','မေးလ်ဆာဗာအတွက်အသုံးပြုသူအမည် (ပြောင်းလဲရန်တန်ဖိုးအသစ်တစ်ခုကိုထည့်ပါ။ )','text','index',0,'ชื่อผู้ใช้ของเมล์เซิร์ฟเวอร์ (ต้องการเปลี่ยน ให้กรอก)',NULL),
(310,'Users','ສະມາຊິກ','အသင်းဝင်','text','index',0,'สมาชิก',NULL),
(311,'Waiting for payment','ລໍຖ້າການຈ່າຍເງິນ','ငွေပေးချေမှုကိုစောင့်ဆိုင်း','text','index',0,'รอชำระเงิน',NULL),
(312,'Website title','ຊື່ເວັບ','ဝဘ်ဆိုက်ခေါင်းစဉ်','text','index',0,'ชื่อเว็บ',NULL),
(313,'Welcome','ສະບາຍດີ','ကြိုဆိုပါတယ်','text','index',0,'สวัสดี',NULL),
(314,'Welcome %s, login complete','ສະບາຍດີທ່ານ %s ຍິນດີຕ້ອນຮັບເຂົ້າສູ່ລະບົບ','ကြိုဆိုပါတယ် %s ကြိုဆိုပါတယ်','text','index',0,'สวัสดี คุณ %s ยินดีต้อนรับเข้าสู่ระบบ',NULL),
(315,'Welcome new members','ຍິນດີຕ້ອນຮັບສະມາຊິກໃໝ່','အဖွဲ့ဝင်သစ်ကြိုဆိုပါတယ်','text','index',0,'ยินดีต้อนรับสมาชิกใหม่',NULL),
(316,'When enabled Social accounts can be logged in as an administrator. (Some abilities will not be available)','ເມື່ອເປີດໃຊ້ງານ ບັນຊີສັງຄົມສາມາດເຂົ້າສູ່ລະບົບເປັນຜູ້ບໍລິຫານ. (ຄວາມສາມາດບາງຢ່າງຈະບໍ່ມີ)','ဖွင့်ထားသည့်အခါလူမှုအကောင့်များကိုစီမံခန့်ခွဲသူအဖြစ်ဝင်ရောက်နိုင်သည်။ (စွမ်းရည်အချို့ရရှိနိုင်လိမ့်မည်မဟုတ်ပေ)','text','index',0,'เมื่อเปิดใช้งาน บัญชีโซเชียลจะสามารถเข้าระบบเป็นผู้ดูแลได้ (ความสามารถบางอย่างจะไม่สามารถใช้งานได้)',NULL),
(317,'Width','ກວ້າງ','အကျယ်','text','index',0,'กว้าง',NULL),
(318,'With selected','ເຮັດກັບທີ່ເລືອກ','ရွေးချယ်ထားနှင့်အတူ','text','index',0,'ทำกับที่เลือก',NULL),
(319,'Withholding Tax','ການເກັບອາກອນ','အခွန်ရှောင်','text','index',0,'ภาษีหัก ณ. ที่จ่าย',NULL),
(320,'year','ປີ','နှစ်','text','index',0,'ปี',NULL),
(321,'You want to','ທ່ານຕ້ອງການ','မင်းလိုချင်တယ်','text','index',0,'คุณต้องการ',NULL),
(322,'Your message was sent successfully','ສົ່ງຂໍ້ຄວາມໄປຍັງຜູ້ຮັບຮຽບຮ້ອຍແລ້ວ','အဆိုပါမက်ဆေ့ခ်ျကိုသက်ဆိုင်ရာပါတီများထံသို့ပေးပို့ခဲ့သည်','text','index',0,'ส่งข้อความไปยังผู้ที่เกี่ยวข้องเรียบร้อยแล้ว',NULL),
(323,'Your new password is','ລະຫັດຜ່ານໃໝ່ຂອງທ່ານຄື','သင့်ရဲ့စကားဝှက်အသစ်က','text','index',0,'รหัสผ่านใหม่ของคุณคือ',NULL),
(324,'Your registration information','ຂໍ້ມູນການລົງທະບຽນຂອງທ່ານ','သင့်ရဲ့မှတ်ပုံတင်သတင်းအချက်အလက်','text','index',0,'ข้อมูลการลงทะเบียนของคุณ',NULL),
(325,'Zipcode','ລະຫັດໄປສະນີ','စာတိုက်ကုဒ်','text','index',0,'รหัสไปรษณีย์',NULL);

--
-- Table structure for table `app_number`
--

CREATE TABLE `app_number` (
  `type` varchar(20) NOT NULL,
  `key` varchar(10) NOT NULL DEFAULT '',
  `prefix` varchar(10) NOT NULL DEFAULT '',
  `auto_increment` int(11) NOT NULL,
  `last_update` date DEFAULT NULL,
  PRIMARY KEY (`type`,`key`)
) ENGINE=MyISAM DEFAULT CHARSET=utf8mb3 COLLATE=utf8mb3_unicode_ci;

--
-- Dumping data for table `app_number`
--

INSERT INTO `app_number` VALUES
('product_no','','',41,'2022-01-04'),
('QUO_NO','','',6,'2022-01-04'),
('OUT_NO','','',9,'2022-10-30'),
('PO_NO','','',1,'2024-03-12');

--
-- Table structure for table `app_orders`
--

CREATE TABLE `app_orders` (
  `id` int(11) NOT NULL AUTO_INCREMENT,
  `order_no` varchar(20) NOT NULL,
  `customer_id` int(11) NOT NULL,
  `order_date` date NOT NULL,
  `member_id` int(11) unsigned NOT NULL,
  `discount` float NOT NULL,
  `vat` float NOT NULL,
  `tax` float NOT NULL,
  `total` float NOT NULL,
  `status` enum('IN','OUT','PO','QUO','RET') NOT NULL,
  `paid` float NOT NULL,
  `discount_percent` float NOT NULL,
  `tax_status` float NOT NULL,
  `vat_status` tinyint(1) NOT NULL,
  `order` varchar(32) DEFAULT NULL,
  `due_date` date DEFAULT NULL,
  `payment_date` datetime DEFAULT NULL,
  `payment_method` varchar(255) DEFAULT NULL,
  `comment` text DEFAULT NULL,
  PRIMARY KEY (`id`)
) ENGINE=MyISAM AUTO_INCREMENT=17 DEFAULT CHARSET=utf8mb3 COLLATE=utf8mb3_unicode_ci;

--
-- Dumping data for table `app_orders`
--

INSERT INTO `app_orders` VALUES
(1,'QUO650104-0001',3,'2022-01-22',1,494,0,0,6100,'OUT',0,0,0,0,NULL,NULL,NULL,NULL,'ชำระผ่านการโอนเงินได้ที่\r\nธนาคารทหารไทยธนชาต(TTB) เลขบัญชี 473-7-12375-4\r\nชื่อบัญชี พีรพิชท์ เกียรติศิริ (bherabhit Kiattisiri)\r\n\r\nชำระแล้ว'),
(2,'QUO650125-0002',4,'2022-01-25',1,0,0,0,599,'QUO',0,0,0,0,NULL,NULL,NULL,NULL,'ชำระผ่านการโอนเงินได้ที่\r\nธนาคารทหารไทยธนชาต(TTB) เลขบัญชี 473-7-12375-4\r\nชื่อบัญชี พีรพิชท์ เกียรติศิริ (bherabhit Kiattisiri)'),
(3,'QUO650620-0003',5,'2022-06-20',1,92,0,0,8600,'QUO',0,0,0,0,NULL,NULL,NULL,NULL,'ชำระผ่านการโอนเงินได้ที่\r\nธนาคารทหารไทยธนชาต(TTB) เลขบัญชี 473-7-12375-4\r\nชื่อบัญชี พีรพิชท์ เกียรติศิริ (bherabhit Kiattisiri)'),
(4,'QUO650722-0004',6,'2022-07-22',1,0,0,0,36240,'QUO',0,0,0,0,NULL,NULL,NULL,NULL,''),
(5,'QUO650722-0005',6,'2022-07-22',1,0,0,0,44840,'QUO',0,0,0,0,NULL,NULL,NULL,NULL,''),
(6,'INV651030-0001',7,'2022-10-14',1,0,0,0,596,'OUT',0,0,0,0,NULL,NULL,NULL,NULL,'หมายเลขคำสั่งซื้อ : 2209076C60GJAH\r\nข้อมูลการขนส่ง Kerry Express : SDOF5096709948'),
(8,'INV651103-0003',7,'2022-11-03',1,0,0,0,1155,'OUT',0,0,0,0,NULL,NULL,NULL,NULL,'หมายเลขคำสั่งซื้อ : 22110227T9PWD6\r\nข้อมูลการขนส่ง Kerry Express : SDOF5202773702'),
(7,'INV651030-0002',7,'2022-10-31',1,0,0,0,596,'OUT',0,0,0,0,NULL,NULL,NULL,NULL,'หมายเลขคำสั่งซื้อ : 221028JFJSFS2X\r\nข้อมูลการขนส่ง Kerry Express : SDOF5202002308'),
(9,'INV651108-0004',7,'2022-11-08',1,0,0,0,1155,'OUT',0,0,0,0,NULL,NULL,NULL,NULL,'หมายเลขคำสั่งซื้อ : 221107EBK052UK\r\nข้อมูลการขนส่ง Kerry Express : SDOF5203299574'),
(10,'INV651110-0005',6,'2022-11-10',1,0,0,0,177000,'OUT',0,0,0,0,NULL,NULL,NULL,NULL,''),
(11,'INV651129-0006',7,'2022-11-26',1,0,0,0,1155,'OUT',0,0,0,0,NULL,NULL,NULL,NULL,''),
(12,'INV660221-0007',7,'2023-02-21',1,0,0,0,1155,'OUT',0,0,0,0,NULL,NULL,NULL,NULL,''),
(13,'QUO660608-0006',5,'2023-06-08',1,0,0,0,10000,'QUO',0,0,0,0,NULL,NULL,NULL,NULL,'ชำระผ่านการโอนเงินได้ที่\r\nธนาคารทหารไทยธนชาต(TTB) เลขบัญชี 473-7-12375-4\r\nชื่อบัญชี พีรพิชท์ เกียรติศิริ (bherabhit Kiattisiri)'),
(14,'INV660720-0008',8,'2023-07-20',1,0,0,0,820,'OUT',0,0,0,0,NULL,NULL,NULL,NULL,''),
(15,'INV670311-0009',8,'2024-03-12',1,0,0,0,495,'OUT',0,0,0,0,NULL,NULL,NULL,NULL,''),
(16,'PO670312-0001',8,'2024-03-13',1,0,0,0,250,'PO',0,0,0,0,NULL,NULL,NULL,NULL,'');

--
-- Table structure for table `app_stock`
--

CREATE TABLE `app_stock` (
  `id` int(11) NOT NULL AUTO_INCREMENT,
  `order_id` int(11) NOT NULL,
  `member_id` int(11) NOT NULL,
  `inventory_id` int(11) DEFAULT NULL,
  `product_no` varchar(50) DEFAULT NULL,
  `status` enum('IN','OUT','PO','QUO','RET') DEFAULT NULL,
  `create_date` datetime NOT NULL,
  `topic` varchar(150) DEFAULT NULL,
  `quantity` float DEFAULT 0,
  `cut_stock` float DEFAULT NULL,
  `unit` varchar(50) DEFAULT NULL,
  `used` float NOT NULL,
  `price` float NOT NULL,
  `vat` float NOT NULL,
  `discount` float NOT NULL,
  `total` float NOT NULL,
  PRIMARY KEY (`id`),
  KEY `owner_id` (`order_id`),
  KEY `status` (`status`),
  KEY `product_no` (`product_no`),
  KEY `inventory_id` (`inventory_id`)
) ENGINE=MyISAM AUTO_INCREMENT=80 DEFAULT CHARSET=utf8mb3 COLLATE=utf8mb3_unicode_ci;

--
-- Dumping data for table `app_stock`
--

INSERT INTO `app_stock` VALUES
(1,0,1,1,'S220HQLEBD','IN','2021-02-13 00:00:00','1108-365D จอมอนิเตอร์ ACER S220HQLEBD',5,1,'เครื่อง',0,3500,0,0,17500),
(2,0,1,2,'A550JX','IN','2021-02-13 00:00:00','A550JX ASUS A550JX',2,1,'เครื่อง',0,25000,0,0,50000),
(3,0,1,3,'IF111/036/1','IN','2021-02-13 00:00:00','IF111/036/1 Crucial 4GB DDR3L&amp;1600 SODIMM',10,1,'ชิ้น',0,500,0,0,5000),
(4,0,1,4,'P00001','IN','2022-01-04 15:09:49','กล้องวงจรปิดไม่ใช้เน็ต ดูภาพสดบันทึกภาพได้ รุ่น V380 1.3 ล้านHD960p + ฟรีอะแดปเตอร์',10,1,'ตัว',10,300,0,0,3000),
(5,0,1,5,'P00002','IN','2022-01-04 15:10:49','กล้องโซล่าเซลล์ไร้สายของจริง!!ไม่มีเน็ตก็ใช้ได้⚡️2ล้านพิกเซลล์ FHD1080p + ฟรี SDCard16GB',1,1,'ตัว',0,1000,0,0,1000),
(6,0,1,6,'P00003','IN','2022-01-04 15:11:33','กล้องวงจรปิด V380 มินิ รุ่น จิ๋วแต่แจ๋ว ไม่มีเน็ตก็ใช้งานได้ 2 ล้านพิกเซลล์ 1080FHD + ฟรีอะแดปเตอร์',1,1,'ตัว',0,250,0,0,250),
(7,0,1,13,'P00010','IN','2022-01-04 15:15:37','Sandisk Micro SD Card 16GB Class 10',3,1,'อัน',0,99,0,0,297),
(8,0,1,14,'P00011','IN','2022-01-04 15:16:34','Sandisk Micro SD Card 32GB Class 10',4,1,'อัน',0,130,0,0,520),
(9,0,1,15,'P00012','IN','2022-01-04 15:16:53','Sandisk Micro SD Card 64GB Class 10',10,1,'อัน',6,200,0,0,2000),
(12,1,1,21,'P00018','OUT','2022-01-04 00:00:00','P00018 ค่าจัดส่งสินค้า',1,1,'',0,0,0,0,0),
(11,1,1,15,'P00012','OUT','2022-01-04 00:00:00','P00012 Sandisk Micro SD Card 64GB Class 10',6,1,'อัน',0,500,0,0,3000),
(10,1,1,4,'P00001','OUT','2022-01-04 00:00:00','P00001 กล้องวงจรปิดไม่ใช้เน็ต ดูภาพสดบันทึกภาพได้ รุ่น V380 1.3 ล้านHD960p + ฟรีอะแดปเตอร์',6,1,'ตัว',0,599,0,0,3594),
(13,2,1,4,'P00001','QUO','2022-01-25 00:00:00','P00001 กล้องวงจรปิดไม่ใช้เน็ต ดูภาพสดบันทึกภาพได้ รุ่น V380 1.3 ล้านHD960p + ฟรีอะแดปเตอร์',1,1,'ตัว',0,599,0,0,599),
(14,2,1,21,'P00018','QUO','2022-01-25 00:00:00','P00018 ค่าจัดส่งสินค้า',1,1,'',0,0,0,0,0),
(16,3,1,9,'P00009','QUO','2022-06-20 00:00:00','P00009 เครื่องบันทึกภาพ NVR 8 ช่อง',1,1,'',0,1500,0,0,1500),
(15,3,1,8,'P00008','QUO','2022-06-20 00:00:00','P00008 กล้องวงจรปิดรุ่น V380 ติดตั้งภายนอก กันน้ำกันฝน',8,1,'',0,899,0,0,7192),
(17,0,1,24,'P00021','IN','2022-07-22 17:25:07','เครื่องบันทึกภาพกล้องวงจรปิด IP Camera NVR 8 ช่อง',1,1,'เครื่อง',0,590,0,0,590),
(18,0,1,25,'P00022','IN','2022-07-22 17:25:43','เครื่องบันทึกภาพกล้องวงจรปิด IP Camera NVR 16 ช่อง',1,1,'เครื่อง',0,900,0,0,900),
(19,0,1,26,'P00023','IN','2022-07-22 17:27:18','เครื่องบันทึกภาพกล้องวงจรปิด IP Camera NVR 32 ช่อง',1,1,'เครื่อง',1,2000,0,0,2000),
(20,0,1,27,'P00024','IN','2022-07-22 17:27:48','เครื่องบันทึกภาพกล้องวงจรปิด IP Camera NVR 64ช่อง',1,1,'เครื่อง',0,6000,0,0,6000),
(21,0,1,28,'P00025','IN','2022-07-22 17:34:26','Switching Hub 5 Port',1,1,'ตัว',0,300,0,0,300),
(22,0,1,29,'P00026','IN','2022-07-22 17:34:53','Switching Hub 8 Port',1,1,'ตัว',1,700,0,0,700),
(23,0,1,30,'P00027','IN','2022-07-22 17:35:32','Switching Hub 16 Port',1,1,'ตัว',0,1200,0,0,1200),
(24,0,1,31,'P00028','IN','2022-07-22 17:36:05','Switching Hub 48 Port',1,1,'ตัว',0,3000,0,0,3000),
(25,0,1,32,'P00029','IN','2022-07-22 17:39:59','สายแลน Cat 5e',300,1,'เมตร',300,2,0,0,600),
(26,0,1,33,'P00030','IN','2022-07-22 17:40:47','สายแลน Cat 6',100,1,'เมตร',0,3,0,0,300),
(27,0,1,34,'P00031','IN','2022-07-22 17:41:17','สายแลน Cat 7',1,1,'เมตร',0,8,0,0,8),
(28,0,1,35,'P00032','IN','2022-07-22 17:41:58','สายแลน Cat 8',1,1,'เมตร',0,15,0,0,15),
(29,0,1,36,'P00033','IN','2022-07-22 17:43:25','หัวแลน',1,1,'อัน',0,1,0,0,1),
(30,0,1,37,'P00034','IN','2022-07-22 17:44:25','อุปกรณ์เข้าหัวสาย',1,1,'',1,300,0,0,300),
(31,0,1,38,'P00035','IN','2022-07-22 17:45:59','ตู้ Network Rack',3,1,'ตู้',3,900,0,0,2700),
(32,0,1,39,'P00036','IN','2022-07-22 17:46:37','เครื่องสำรองไฟ',1,1,'เครื่อง',1,1500,0,0,1500),
(33,0,1,11,NULL,'IN','2022-07-22 18:12:03','กล้องวงจรปิด IPCamera XMeye ความละเอียด 2 ล้านพิกเซล FullHD 1080P',16,1,'ตัว',16,470,0,0,7520),
(34,0,1,12,NULL,'IN','2022-07-22 18:12:10','กล้องวงจรปิด IPCamera XMeye ความละเอียด 5 ล้านพิกเซล UltraHD 2.7K',16,1,'ตัว',16,520,0,0,8320),
(35,0,1,40,'P00037','IN','2022-07-22 18:17:07','Switching จ่ายไฟเลี้ยงกล้อง',3,1,'ตัว',3,300,0,0,900),
(36,4,1,11,'P00008','QUO','2022-07-22 00:00:00','P00008 กล้องวงจรปิด IPCamera XMeye ความละเอียด 2 ล้านพิกเซล FullHD 1080P',16,1,'ตัว',0,690,0,0,11040),
(37,4,1,26,'P00023','QUO','2022-07-22 00:00:00','P00023 เครื่องบันทึกภาพกล้องวงจรปิด IP Camera NVR 32 ช่อง',1,1,'เครื่อง',0,5900,0,0,5900),
(38,4,1,20,'P00017','QUO','2022-07-22 00:00:00','P00017 Hdd 4 Tb Wd Purple (wd40purz)',2,1,'อัน',0,3100,0,0,6200),
(39,4,1,29,'P00026','QUO','2022-07-22 00:00:00','P00026 Switching Hub 8 Port',3,1,'ตัว',0,900,0,0,2700),
(40,4,1,32,'P00029','QUO','2022-07-22 00:00:00','P00029 สายแลน Cat 5e',500,1,'เมตร',0,7,0,0,3500),
(41,4,1,38,'P00035','QUO','2022-07-22 00:00:00','P00035 ตู้ Network Rack',3,1,'ตู้',0,1000,0,0,3000),
(42,4,1,39,'P00036','QUO','2022-07-22 00:00:00','P00036 เครื่องสำรองไฟ',1,1,'เครื่อง',0,1900,0,0,1900),
(43,4,1,40,'P00037','QUO','2022-07-22 00:00:00','P00037 Switching จ่ายไฟเลี้ยงกล้อง',3,1,'ตัว',0,500,0,0,1500),
(44,4,1,37,'P00034','QUO','2022-07-22 00:00:00','P00034 อุปกรณ์เข้าหัวสาย',1,1,'',0,500,0,0,500),
(45,5,1,12,'P00009','QUO','2022-07-22 00:00:00','P00009 กล้องวงจรปิด IPCamera XMeye ความละเอียด 5 ล้านพิกเซล UltraHD 2.7K',16,1,'ตัว',0,940,0,0,15040),
(46,5,1,26,'P00023','QUO','2022-07-22 00:00:00','P00023 เครื่องบันทึกภาพกล้องวงจรปิด IP Camera NVR 32 ช่อง',1,1,'เครื่อง',0,5900,0,0,5900),
(47,5,1,21,'P00018','QUO','2022-07-22 00:00:00','P00018 Hdd 6 Tb Wd Purple (wd60purz)',2,1,'อัน',0,5400,0,0,10800),
(48,5,1,29,'P00026','QUO','2022-07-22 00:00:00','P00026 Switching Hub 8 Port',3,1,'ตัว',0,900,0,0,2700),
(49,5,1,32,'P00029','QUO','2022-07-22 00:00:00','P00029 สายแลน Cat 5e',500,1,'เมตร',0,7,0,0,3500),
(50,5,1,38,'P00035','QUO','2022-07-22 00:00:00','P00035 ตู้ Network Rack',3,1,'ตู้',0,1000,0,0,3000),
(51,5,1,39,'P00036','QUO','2022-07-22 00:00:00','P00036 เครื่องสำรองไฟ',1,1,'เครื่อง',0,1900,0,0,1900),
(52,5,1,40,'P00037','QUO','2022-07-22 00:00:00','P00037 Switching จ่ายไฟเลี้ยงกล้อง',3,1,'ตัว',0,500,0,0,1500),
(53,5,1,37,'P00034','QUO','2022-07-22 00:00:00','P00034 อุปกรณ์เข้าหัวสาย',1,1,'',0,500,0,0,500),
(54,6,1,4,'P00001','OUT','2022-10-14 00:00:00','P00001 กล้องวงจรปิดไม่ใช้เน็ต ดูภาพสดบันทึกภาพได้ รุ่น V380 1.3 ล้านHD960p + ฟรีอะแดปเตอร์',1,1,'ตัว',0,559,0,0,559),
(55,6,1,9,'P00006','OUT','2022-10-14 00:00:00','P00006 ค่าส่งสินค้า',1,1,'',0,37,0,0,37),
(57,7,1,9,'P00006','OUT','2022-10-31 00:00:00','P00006 ค่าส่งสินค้า',1,1,'',0,37,0,0,37),
(56,7,1,4,'P00001','OUT','2022-10-31 00:00:00','P00001 กล้องวงจรปิดไม่ใช้เน็ต ดูภาพสดบันทึกภาพได้ รุ่น V380 1.3 ล้านHD960p + ฟรีอะแดปเตอร์',1,1,'ตัว',0,559,0,0,559),
(58,0,1,4,NULL,'IN','2022-11-03 17:02:01','กล้องวงจรปิดไม่ใช้เน็ต ดูภาพสดบันทึกภาพได้ รุ่น V380 1.3 ล้านHD960p + ฟรีอะแดปเตอร์',9,1,'ตัว',7,300,0,0,2700),
(60,8,1,9,'P00006','OUT','2022-11-03 00:00:00','P00006 ค่าส่งสินค้า',1,1,'กล่อง',0,37,0,0,37),
(59,8,1,4,'P00001','OUT','2022-11-03 00:00:00','P00001 กล้องวงจรปิดไม่ใช้เน็ต ดูภาพสดบันทึกภาพได้ รุ่น V380 1.3 ล้านHD960p + ฟรีอะแดปเตอร์',2,1,'ตัว',0,559,0,0,1118),
(61,9,1,4,'P00001','OUT','2022-11-08 00:00:00','P00001 กล้องวงจรปิดไม่ใช้เน็ต ดูภาพสดบันทึกภาพได้ รุ่น V380 1.3 ล้านHD960p + ฟรีอะแดปเตอร์',2,1,'ตัว',0,559,0,0,1118),
(62,9,1,9,'P00006','OUT','2022-11-08 00:00:00','P00006 ค่าส่งสินค้า',1,1,'กล่อง',0,37,0,0,37),
(63,0,1,41,'P00038','IN','2022-11-10 14:07:02','คอมพิวเตอร์ Dell OptiPlex 7020 SFF CPU i3-4160 Ram 4GB SSD 120GB',30,1,'',30,2000,0,0,60000),
(64,0,1,42,'P00039','IN','2022-11-10 15:09:37','จอคอมพิวเตอร์ขนาด 21.5 นิ้ว',30,1,'จอ',30,2000,0,0,60000),
(65,10,1,41,'P00038','OUT','2022-11-10 00:00:00','P00038 คอมพิวเตอร์ Dell OptiPlex 7020 SFF CPU i3-4160 Ram 4GB SSD 120GB',30,1,'',0,2900,0,0,87000),
(66,10,1,42,'P00039','OUT','2022-11-10 00:00:00','P00039 จอคอมพิวเตอร์ขนาด 21.5 นิ้ว',30,1,'จอ',0,3000,0,0,90000),
(67,11,1,4,'P00001','OUT','2022-11-26 00:00:00','P00001 กล้องวงจรปิดไม่ใช้เน็ต ดูภาพสดบันทึกภาพได้ รุ่น V380 1.3 ล้านHD960p + ฟรีอะแดปเตอร์',2,1,'ตัว',0,559,0,0,1118),
(68,11,1,9,'P00006','OUT','2022-11-26 00:00:00','P00006 ค่าส่งสินค้า',1,1,'กล่อง',0,37,0,0,37),
(70,12,1,9,'P00006','OUT','2023-02-21 00:00:00','P00006 ค่าส่งสินค้า',1,1,'กล่อง',0,37,0,0,37),
(69,12,1,4,'P00001','OUT','2023-02-21 00:00:00','P00001 กล้องวงจรปิดไม่ใช้เน็ต ดูภาพสดบันทึกภาพได้ รุ่น V380 1.3 ล้านHD960p + ฟรีอะแดปเตอร์',2,1,'ตัว',0,559,0,0,1118),
(71,13,1,41,'P00040','QUO','2023-06-08 00:00:00','P00040 คอมพิวเตอร์ Dell OptiPlex 7020 SFF CPU i3-4160 Ram 4GB SSD 120GB',2,1,'เครื่อง',0,3000,0,0,6000),
(72,13,1,42,'P0000039','QUO','2023-06-08 00:00:00','P0000039 จอคอมพิวเตอร์ขนาด 21.5 นิ้ว',2,1,'จอ',0,2000,0,0,4000),
(74,14,1,44,'P00041','OUT','2023-07-20 00:00:00','P00041 ชิ้นส่วนปุ่มคีย์บอร์ด (เสื่อมสภาพแล้ว)',2,1,'',0,200,0,0,400),
(75,14,1,45,'P00042','OUT','2023-07-20 00:00:00','P00042 อุปกรณ์อิเล็กทรอนิกส์มือสอง (เสื่อมสภาพแล้ว)',1,1,'',0,120,0,0,120),
(73,14,1,43,'P00040','OUT','2023-07-20 00:00:00','P00040 ชิ้นส่วนแผงวงจรอิเล็กทรอนิก (เสื่อมสภาพแล้ว)',3,1,'',0,100,0,0,300),
(76,15,1,45,'P00042','OUT','2024-03-12 00:00:00','P00242 ค่าเช่า-ยืมอุปกรณ์โปรเจคเตอร์',1,1,'',0,250,0,0,250),
(77,16,1,45,'P00042','PO','2024-03-13 00:00:00','P00048 ค่าเช่า-ยืมอุปกรณ์โปรเจคเตอร์รายวัน',1,1,'',0,250,0,0,250),
(78,15,1,44,'P00041','OUT','2024-03-12 00:00:00','P00321 เทปพันสายไฟ ม้วนใหญ่',1,1,'',0,89,0,0,89),
(79,15,1,43,'P00040','OUT','2024-03-12 00:00:00','P00040 ถ่านไฟฉายขนาด AA',4,1,'',0,39,0,0,156);

--
-- Table structure for table `app_user`
--

CREATE TABLE `app_user` (
  `id` int(11) NOT NULL AUTO_INCREMENT,
  `username` varchar(50) NOT NULL,
  `salt` varchar(32) NOT NULL,
  `password` varchar(50) NOT NULL,
  `token` varchar(50) DEFAULT NULL,
  `status` tinyint(1) DEFAULT 0,
  `permission` text NOT NULL,
  `name` varchar(150) NOT NULL,
  `sex` varchar(1) DEFAULT NULL,
  `id_card` varchar(13) DEFAULT NULL,
  `address` varchar(150) DEFAULT NULL,
  `phone` varchar(32) DEFAULT NULL,
  `fax` varchar(32) DEFAULT NULL,
  `provinceID` varchar(3) DEFAULT NULL,
  `province` varchar(50) DEFAULT NULL,
  `zipcode` varchar(10) DEFAULT NULL,
  `country` varchar(2) DEFAULT 'TH',
  `visited` int(11) DEFAULT 0,
  `lastvisited` int(11) DEFAULT 0,
  `session_id` varchar(32) DEFAULT NULL,
  `ip` varchar(50) DEFAULT NULL,
  `create_date` datetime DEFAULT NULL,
  `active` tinyint(1) DEFAULT 1,
  `social` tinyint(1) DEFAULT 0,
  `email` varchar(255) DEFAULT NULL,
  `website` varchar(255) DEFAULT NULL,
  `type` tinyint(1) NOT NULL DEFAULT 0,
  PRIMARY KEY (`id`),
  KEY `username` (`username`),
  KEY `token` (`token`),
  KEY `phone` (`phone`)
) ENGINE=MyISAM AUTO_INCREMENT=3 DEFAULT CHARSET=utf8mb3 COLLATE=utf8mb3_unicode_ci;

--
-- Dumping data for table `app_user`
--

INSERT INTO `app_user` VALUES
(1,'bherabhit@brightesttv.com','410a3e19d6c69','c17a35bc844006858182065a986a3ab97c9a2893','91f088a344b2333f3c94ad310799eced1409acbb',1,'','พีรพิชท์ เกียรติศิริ','m','1139600161795','','0657091139',NULL,'','ลพบุรี','15000','TH',70,1710407412,'961e4n1fstefpkg75ucv7rjg0e','1.20.63.154','2022-01-04 14:55:02',1,0,NULL,NULL,0);

--
-- Dumping routines for database 'admin2_docs'
--


